Last updated on 2025-10-23 21:51:28 CEST.
Flavor | Version | Tinstall | Tcheck | Ttotal | Status | Flags |
---|---|---|---|---|---|---|
r-devel-linux-x86_64-debian-clang | 0.1-5 | 2.55 | 24.00 | 26.55 | NOTE | |
r-devel-linux-x86_64-debian-gcc | 0.1-5 | 1.85 | 19.21 | 21.06 | NOTE | |
r-devel-linux-x86_64-fedora-clang | 0.1-5 | 40.58 | OK | |||
r-devel-linux-x86_64-fedora-gcc | 0.1-5 | 38.01 | OK | |||
r-devel-windows-x86_64 | 0.1-5 | 3.00 | 41.00 | 44.00 | OK | |
r-patched-linux-x86_64 | 0.1-5 | 2.50 | 22.76 | 25.26 | OK | |
r-release-linux-x86_64 | 0.1-5 | 2.21 | 22.65 | 24.86 | OK | |
r-release-macos-arm64 | 0.1-5 | 1.00 | 15.00 | 16.00 | OK | |
r-release-macos-x86_64 | 0.1-5 | 2.00 | 24.00 | 26.00 | OK | |
r-release-windows-x86_64 | 0.1-5 | 3.00 | 43.00 | 46.00 | OK | |
r-oldrel-macos-arm64 | 0.1-5 | 1.00 | 13.00 | 14.00 | OK | |
r-oldrel-macos-x86_64 | 0.1-5 | 2.00 | 20.00 | 22.00 | OK | |
r-oldrel-windows-x86_64 | 0.1-5 | 3.00 | 47.00 | 50.00 | OK |
Version: 0.1-5
Check: CRAN incoming feasibility
Result: NOTE
Maintainer: ‘Olivier Briet <o.briet@gmail.com>’
No Authors@R field in DESCRIPTION.
Please add one, modifying
Authors@R: person(given = "Olivier",
family = "Briet",
role = c("aut", "cre"),
email = "o.briet@gmail.com")
as necessary.
Flavors: r-devel-linux-x86_64-debian-clang, r-devel-linux-x86_64-debian-gcc
These binaries (installable software) and packages are in development.
They may not be fully stable and should be used with caution. We make no claims about them.