CRAN Package Check Results for Package gsarima

Last updated on 2025-07-28 01:49:08 CEST.

Flavor Version Tinstall Tcheck Ttotal Status Flags
r-devel-linux-x86_64-debian-clang 0.1-5 2.35 22.84 25.19 NOTE
r-devel-linux-x86_64-debian-gcc 0.1-5 1.78 18.55 20.33 NOTE
r-devel-linux-x86_64-fedora-clang 0.1-5 39.62 OK
r-devel-linux-x86_64-fedora-gcc 0.1-5 36.99 OK
r-devel-windows-x86_64 0.1-5 4.00 45.00 49.00 OK
r-patched-linux-x86_64 0.1-5 2.58 21.27 23.85 OK
r-release-linux-x86_64 0.1-5 2.45 21.71 24.16 OK
r-release-macos-arm64 0.1-5 16.00 OK
r-release-macos-x86_64 0.1-5 26.00 OK
r-release-windows-x86_64 0.1-5 3.00 42.00 45.00 OK
r-oldrel-macos-arm64 0.1-5 14.00 OK
r-oldrel-macos-x86_64 0.1-5 22.00 OK
r-oldrel-windows-x86_64 0.1-5 4.00 47.00 51.00 OK

Check Details

Version: 0.1-5
Check: CRAN incoming feasibility
Result: NOTE Maintainer: ‘Olivier Briet <o.briet@gmail.com>’ No Authors@R field in DESCRIPTION. Please add one, modifying Authors@R: person(given = "Olivier", family = "Briet", role = c("aut", "cre"), email = "o.briet@gmail.com") as necessary. Flavors: r-devel-linux-x86_64-debian-clang, r-devel-linux-x86_64-debian-gcc

These binaries (installable software) and packages are in development.
They may not be fully stable and should be used with caution. We make no claims about them.