Last updated on 2025-07-02 01:51:39 CEST.
Flavor | Version | Tinstall | Tcheck | Ttotal | Status | Flags |
---|---|---|---|---|---|---|
r-devel-linux-x86_64-debian-clang | 0.1-4 | 14.05 | 39.01 | 53.06 | NOTE | |
r-devel-linux-x86_64-debian-gcc | 0.1-4 | 9.03 | 30.19 | 39.22 | NOTE | |
r-devel-linux-x86_64-fedora-clang | 0.1-4 | 91.70 | OK | |||
r-devel-linux-x86_64-fedora-gcc | 0.1-4 | 98.80 | OK | |||
r-devel-windows-x86_64 | 0.1-4 | 15.00 | 74.00 | 89.00 | OK | |
r-patched-linux-x86_64 | OK | |||||
r-release-linux-x86_64 | 0.1-4 | 12.58 | 35.40 | 47.98 | OK | |
r-release-macos-arm64 | 0.1-4 | 35.00 | OK | |||
r-release-macos-x86_64 | 0.1-4 | 60.00 | OK | |||
r-release-windows-x86_64 | 0.1-4 | 17.00 | 77.00 | 94.00 | OK | |
r-oldrel-macos-arm64 | 0.1-4 | 31.00 | OK | |||
r-oldrel-macos-x86_64 | 0.1-4 | 47.00 | OK | |||
r-oldrel-windows-x86_64 | 0.1-4 | 19.00 | 91.00 | 110.00 | OK |
Version: 0.1-4
Check: CRAN incoming feasibility
Result: NOTE
Maintainer: ‘Tobias Mütze <tobias.muetze@outlook.com>’
Package CITATION file contains call(s) to old-style personList() or
as.personList(). Please use c() on person objects instead.
Package CITATION file contains call(s) to old-style citEntry(). Please
use bibentry() instead.
Flavors: r-devel-linux-x86_64-debian-clang, r-devel-linux-x86_64-debian-gcc
These binaries (installable software) and packages are in development.
They may not be fully stable and should be used with caution. We make no claims about them.