CRAN Package Check Results for Package gstar

Last updated on 2025-11-13 23:50:41 CET.

Flavor Version Tinstall Tcheck Ttotal Status Flags
r-devel-linux-x86_64-debian-clang 0.1.0 6.68 59.70 66.38 OK
r-devel-linux-x86_64-debian-gcc 0.1.0 4.09 43.65 47.74 OK
r-devel-linux-x86_64-fedora-clang 0.1.0 36.00 76.17 112.17 NOTE
r-devel-linux-x86_64-fedora-gcc 0.1.0 14.00 81.28 95.28 NOTE
r-devel-windows-x86_64 0.1.0 9.00 69.00 78.00 OK
r-patched-linux-x86_64 0.1.0 6.05 56.87 62.92 OK
r-release-linux-x86_64 0.1.0 6.80 56.22 63.02 OK
r-release-macos-arm64 0.1.0 3.00 26.00 29.00 OK
r-release-macos-x86_64 0.1.0 4.00 47.00 51.00 OK
r-release-windows-x86_64 0.1.0 9.00 67.00 76.00 OK
r-oldrel-macos-arm64 0.1.0 3.00 23.00 26.00 OK
r-oldrel-macos-x86_64 0.1.0 4.00 44.00 48.00 OK
r-oldrel-windows-x86_64 0.1.0 11.00 84.00 95.00 OK

Check Details

Version: 0.1.0
Check: dependencies in R code
Result: NOTE Namespace in Imports field not imported from: ‘dplyr’ All declared Imports should be used. Flavors: r-devel-linux-x86_64-fedora-clang, r-devel-linux-x86_64-fedora-gcc

These binaries (installable software) and packages are in development.
They may not be fully stable and should be used with caution. We make no claims about them.