CRAN Package Check Results for Package gsubfn

Last updated on 2025-07-27 01:48:23 CEST.

Flavor Version Tinstall Tcheck Ttotal Status Flags
r-devel-linux-x86_64-debian-clang 0.7 2.95 35.33 38.28 NOTE
r-devel-linux-x86_64-debian-gcc 0.7 2.69 32.08 34.77 NOTE
r-devel-linux-x86_64-fedora-clang 0.7 56.72 OK
r-devel-linux-x86_64-fedora-gcc 0.7 70.57 OK
r-devel-windows-x86_64 0.7 4.00 68.00 72.00 OK
r-patched-linux-x86_64 0.7 2.14 30.35 32.49 OK
r-release-linux-x86_64 0.7 1.92 30.23 32.15 OK
r-release-macos-arm64 0.7 33.00 OK
r-release-macos-x86_64 0.7 61.00 OK
r-release-windows-x86_64 0.7 4.00 68.00 72.00 OK
r-oldrel-macos-arm64 0.7 34.00 OK
r-oldrel-macos-x86_64 0.7 44.00 OK
r-oldrel-windows-x86_64 0.7 4.00 70.00 74.00 OK

Check Details

Version: 0.7
Check: CRAN incoming feasibility
Result: NOTE Maintainer: ‘G. Grothendieck <ggrothendieck@gmail.com>’ No Authors@R field in DESCRIPTION. Please add one, modifying Authors@R: person(given = "G.", family = "Grothendieck", role = c("aut", "cre"), email = "ggrothendieck@gmail.com") as necessary. Flavors: r-devel-linux-x86_64-debian-clang, r-devel-linux-x86_64-debian-gcc

These binaries (installable software) and packages are in development.
They may not be fully stable and should be used with caution. We make no claims about them.