CRAN Package Check Results for Package gsynth

Last updated on 2025-05-08 04:52:07 CEST.

Flavor Version Tinstall Tcheck Ttotal Status Flags
r-devel-linux-x86_64-debian-clang 1.2.1 44.20 107.00 151.20 NOTE
r-devel-linux-x86_64-debian-gcc 1.2.1 33.56 73.53 107.09 NOTE
r-devel-linux-x86_64-fedora-clang 1.2.1 232.46 NOTE
r-devel-linux-x86_64-fedora-gcc 1.2.1 248.28 NOTE
r-devel-windows-x86_64 1.2.1 48.00 127.00 175.00 NOTE
r-patched-linux-x86_64 1.2.1 43.11 97.86 140.97 NOTE
r-release-linux-x86_64 1.2.1 44.83 94.52 139.35 NOTE
r-release-macos-arm64 1.2.1 61.00 NOTE
r-release-macos-x86_64 1.2.1 131.00 NOTE
r-release-windows-x86_64 1.2.1 48.00 125.00 173.00 NOTE
r-oldrel-macos-arm64 1.2.1 61.00 NOTE
r-oldrel-macos-x86_64 1.2.1 88.00 NOTE
r-oldrel-windows-x86_64 1.2.1 59.00 155.00 214.00 NOTE

Check Details

Version: 1.2.1
Check: CRAN incoming feasibility
Result: NOTE Maintainer: ‘Yiqing Xu <yiqingxu@stanford.edu>’ No Authors@R field in DESCRIPTION. Please add one, modifying Authors@R: c(person(given = "Yiqing", family = "Xu", role = c("aut", "cre"), email = "yiqingxu@stanford.edu"), person(given = "Licheng", family = "Liu", role = "aut")) as necessary. Flavors: r-devel-linux-x86_64-debian-clang, r-devel-linux-x86_64-debian-gcc

Version: 1.2.1
Check: C++ specification
Result: NOTE Specified C++11: please drop specification unless essential Flavors: r-devel-linux-x86_64-debian-clang, r-devel-linux-x86_64-debian-gcc, r-devel-linux-x86_64-fedora-clang, r-devel-linux-x86_64-fedora-gcc, r-devel-windows-x86_64, r-patched-linux-x86_64, r-release-linux-x86_64, r-release-macos-arm64, r-release-macos-x86_64, r-release-windows-x86_64, r-oldrel-macos-arm64, r-oldrel-macos-x86_64, r-oldrel-windows-x86_64

These binaries (installable software) and packages are in development.
They may not be fully stable and should be used with caution. We make no claims about them.