Last updated on 2025-02-02 16:49:08 CET.
Flavor | Version | Tinstall | Tcheck | Ttotal | Status | Flags |
---|---|---|---|---|---|---|
r-devel-linux-x86_64-debian-clang | 1.2.1 | 41.37 | 102.37 | 143.74 | NOTE | |
r-devel-linux-x86_64-debian-gcc | 1.2.1 | 31.69 | 66.79 | 98.48 | NOTE | |
r-devel-linux-x86_64-fedora-clang | 1.2.1 | 246.67 | NOTE | |||
r-devel-linux-x86_64-fedora-gcc | 1.2.1 | 230.93 | NOTE | |||
r-devel-windows-x86_64 | 1.2.1 | 45.00 | 118.00 | 163.00 | NOTE | |
r-patched-linux-x86_64 | 1.2.1 | 46.14 | 92.45 | 138.59 | NOTE | |
r-release-linux-x86_64 | 1.2.1 | 46.21 | 90.12 | 136.33 | NOTE | |
r-release-macos-arm64 | 1.2.1 | 61.00 | NOTE | |||
r-release-macos-x86_64 | 1.2.1 | 88.00 | NOTE | |||
r-release-windows-x86_64 | 1.2.1 | 45.00 | 116.00 | 161.00 | NOTE | |
r-oldrel-macos-arm64 | 1.2.1 | 68.00 | NOTE | |||
r-oldrel-macos-x86_64 | 1.2.1 | 111.00 | NOTE | |||
r-oldrel-windows-x86_64 | 1.2.1 | 56.00 | 150.00 | 206.00 | NOTE |
Version: 1.2.1
Check: C++ specification
Result: NOTE
Specified C++11: please drop specification unless essential
Flavors: r-devel-linux-x86_64-debian-clang, r-devel-linux-x86_64-debian-gcc, r-devel-linux-x86_64-fedora-clang, r-devel-linux-x86_64-fedora-gcc, r-devel-windows-x86_64, r-patched-linux-x86_64, r-release-linux-x86_64, r-release-macos-arm64, r-release-macos-x86_64, r-release-windows-x86_64, r-oldrel-macos-arm64, r-oldrel-macos-x86_64, r-oldrel-windows-x86_64
These binaries (installable software) and packages are in development.
They may not be fully stable and should be used with caution. We make no claims about them.