CRAN Package Check Results for Package gt

Last updated on 2025-10-23 11:50:15 CEST.

Flavor Version Tinstall Tcheck Ttotal Status Flags
r-devel-linux-x86_64-debian-clang 1.1.0 33.17 273.88 307.05 NOTE
r-devel-linux-x86_64-debian-gcc 1.1.0 21.55 170.78 192.33 OK
r-devel-linux-x86_64-fedora-clang 1.1.0 105.00 359.01 464.01 OK
r-devel-linux-x86_64-fedora-gcc 1.1.0 69.00 338.59 407.59 OK
r-devel-windows-x86_64 1.1.0 39.00 263.00 302.00 OK
r-patched-linux-x86_64 1.1.0 49.72 250.03 299.75 OK
r-release-linux-x86_64 1.1.0 31.06 251.90 282.96 OK
r-release-macos-arm64 1.1.0 13.00 80.00 93.00 OK
r-release-macos-x86_64 1.1.0 38.00 205.00 243.00 OK
r-release-windows-x86_64 1.1.0 45.00 265.00 310.00 OK
r-oldrel-macos-arm64 1.1.0 16.00 83.00 99.00 NOTE
r-oldrel-macos-x86_64 1.1.0 35.00 184.00 219.00 NOTE
r-oldrel-windows-x86_64 1.1.0 55.00 335.00 390.00 NOTE

Check Details

Version: 1.1.0
Check: HTML version of manual
Result: NOTE Found the following HTML validation problems: as.data.frame.gt_tbl.html:61:1 (as.data.frame.gt_tbl.Rd:22): Warning: missing </ul> before </div> print.gt_tbl.html:64:1 (print.gt_tbl.Rd:20): Warning: missing </ul> before </div> Flavor: r-devel-linux-x86_64-debian-clang

Version: 1.1.0
Check: installed package size
Result: NOTE installed size is 7.2Mb sub-directories of 1Mb or more: R 2.8Mb data 1.1Mb help 1.9Mb Flavors: r-oldrel-macos-arm64, r-oldrel-macos-x86_64, r-oldrel-windows-x86_64

These binaries (installable software) and packages are in development.
They may not be fully stable and should be used with caution. We make no claims about them.