CRAN Package Check Results for Package gtexr

Last updated on 2025-02-16 08:50:49 CET.

Flavor Version Tinstall Tcheck Ttotal Status Flags
r-devel-linux-x86_64-debian-clang 0.1.0 3.04 42.37 45.41 NOTE
r-devel-linux-x86_64-debian-gcc 0.1.0 1.98 30.58 32.56 NOTE
r-devel-linux-x86_64-fedora-clang 0.1.0 77.82 NOTE
r-devel-linux-x86_64-fedora-gcc 0.1.0 82.64 NOTE
r-devel-macos-arm64 0.1.0 40.00 OK
r-devel-macos-x86_64 0.1.0 65.00 NOTE
r-devel-windows-x86_64 0.1.0 6.00 75.00 81.00 NOTE
r-patched-linux-x86_64 0.1.0 4.75 39.25 44.00 OK
r-release-linux-x86_64 0.1.0 2.01 39.42 41.43 OK
r-release-macos-arm64 0.1.0 42.00 OK
r-release-macos-x86_64 0.1.0 58.00 OK
r-release-windows-x86_64 0.1.0 6.00 88.00 94.00 OK
r-oldrel-macos-arm64 0.1.0 43.00 OK
r-oldrel-macos-x86_64 0.1.0 62.00 OK
r-oldrel-windows-x86_64 0.1.0 6.00 109.00 115.00 OK

Check Details

Version: 0.1.0
Check: DESCRIPTION meta-information
Result: NOTE Missing dependency on R >= 4.1.0 because package code uses the pipe |> or function shorthand \(...) syntax added in R 4.1.0. File(s) using such syntax: ‘calculate_ieqtls.R’ ‘calculate_isqtls.R’ ‘download.R’ ‘get_annotation.R’ ‘get_downloads_page_data.R’ ‘get_file_list.R’ ‘get_gene_expression.R’ ‘get_genomic_features.R’ ‘get_image.R’ ‘get_sample_biobank_data.R’ ‘get_service_info.R’ ‘get_significant_single_tissue_eqtls_by_location.R’ ‘get_single_nucleus_gex.R’ ‘get_tissue_site_detail.R’ ‘gtex_query.R’ ‘handle_http_errors.R’ ‘utils.R’ ‘validate_args.R’ Flavors: r-devel-linux-x86_64-debian-clang, r-devel-linux-x86_64-debian-gcc, r-devel-linux-x86_64-fedora-clang, r-devel-linux-x86_64-fedora-gcc, r-devel-macos-x86_64, r-devel-windows-x86_64

These binaries (installable software) and packages are in development.
They may not be fully stable and should be used with caution. We make no claims about them.