Last updated on 2025-02-19 16:50:50 CET.
Flavor | Version | Tinstall | Tcheck | Ttotal | Status | Flags |
---|---|---|---|---|---|---|
r-devel-linux-x86_64-debian-clang | 2.1-2 | 16.68 | 158.03 | 174.71 | NOTE | |
r-devel-linux-x86_64-debian-gcc | 2.1-2 | 11.56 | 97.39 | 108.95 | NOTE | |
r-devel-linux-x86_64-fedora-clang | 2.1-2 | 268.04 | NOTE | |||
r-devel-linux-x86_64-fedora-gcc | 2.1-2 | 261.54 | NOTE | |||
r-devel-macos-arm64 | 2.1-2 | 101.00 | OK | |||
r-devel-macos-x86_64 | 2.1-2 | 199.00 | NOTE | |||
r-devel-windows-x86_64 | 2.1-2 | 21.00 | 157.00 | 178.00 | NOTE | |
r-patched-linux-x86_64 | 2.1-2 | 16.42 | 132.26 | 148.68 | OK | |
r-release-linux-x86_64 | 2.1-2 | 16.94 | 135.92 | 152.86 | OK | |
r-release-macos-arm64 | 2.1-2 | 94.00 | OK | |||
r-release-macos-x86_64 | 2.1-2 | 171.00 | OK | |||
r-release-windows-x86_64 | 2.1-2 | 21.00 | 154.00 | 175.00 | OK | |
r-oldrel-macos-arm64 | 2.1-2 | 103.00 | OK | |||
r-oldrel-macos-x86_64 | 2.1-2 | 153.00 | OK | |||
r-oldrel-windows-x86_64 | 2.1-2 | 26.00 | 210.00 | 236.00 | OK |
Version: 2.1-2
Check: DESCRIPTION meta-information
Result: NOTE
Missing dependency on R >= 4.1.0 because package code uses the pipe
|> or function shorthand \(...) syntax added in R 4.1.0.
File(s) using such syntax:
‘adjust_speed.R’
Flavors: r-devel-linux-x86_64-debian-clang, r-devel-linux-x86_64-debian-gcc, r-devel-linux-x86_64-fedora-clang, r-devel-linux-x86_64-fedora-gcc, r-devel-macos-x86_64, r-devel-windows-x86_64
These binaries (installable software) and packages are in development.
They may not be fully stable and should be used with caution. We make no claims about them.