Last updated on 2025-05-01 08:52:35 CEST.
Flavor | Version | Tinstall | Tcheck | Ttotal | Status | Flags |
---|---|---|---|---|---|---|
r-devel-linux-x86_64-debian-clang | 0.1.3 | 41.21 | 104.40 | 145.61 | OK | |
r-devel-linux-x86_64-debian-gcc | 0.1.3 | 31.58 | 77.67 | 109.25 | OK | |
r-devel-linux-x86_64-fedora-clang | 0.1.3 | 243.86 | OK | |||
r-devel-linux-x86_64-fedora-gcc | 0.1.3 | 256.96 | OK | |||
r-devel-windows-x86_64 | 0.1.3 | 49.00 | 151.00 | 200.00 | OK | |
r-patched-linux-x86_64 | 0.1.3 | 45.28 | 98.93 | 144.21 | OK | |
r-release-linux-x86_64 | OK | |||||
r-release-macos-arm64 | 0.1.3 | 77.00 | OK | |||
r-release-macos-x86_64 | 0.1.3 | 125.00 | OK | |||
r-release-windows-x86_64 | 0.1.3 | 46.00 | 156.00 | 202.00 | OK | |
r-oldrel-macos-arm64 | 0.1.3 | 86.00 | NOTE | |||
r-oldrel-macos-x86_64 | 0.1.3 | 166.00 | NOTE | |||
r-oldrel-windows-x86_64 | 0.1.3 | 46.00 | 185.00 | 231.00 | NOTE |
Version: 0.1.3
Check: installed package size
Result: NOTE
installed size is 8.2Mb
sub-directories of 1Mb or more:
doc 4.1Mb
libs 3.4Mb
Flavors: r-oldrel-macos-arm64, r-oldrel-macos-x86_64, r-oldrel-windows-x86_64
These binaries (installable software) and packages are in development.
They may not be fully stable and should be used with caution. We make no claims about them.