Last updated on 2025-02-23 01:51:41 CET.
Flavor | Version | Tinstall | Tcheck | Ttotal | Status | Flags |
---|---|---|---|---|---|---|
r-devel-linux-x86_64-debian-clang | 1.4.0 | 10.80 | 66.21 | 77.01 | OK | |
r-devel-linux-x86_64-debian-gcc | 1.4.0 | 7.45 | 46.85 | 54.30 | OK | |
r-devel-linux-x86_64-fedora-clang | 1.4.0 | 135.89 | WARN | |||
r-devel-linux-x86_64-fedora-gcc | 1.4.0 | 127.75 | OK | |||
r-devel-macos-arm64 | 1.4.0 | 48.00 | OK | |||
r-devel-macos-x86_64 | 1.4.0 | 80.00 | OK | |||
r-devel-windows-x86_64 | 1.4.0 | 15.00 | 93.00 | 108.00 | OK | |
r-patched-linux-x86_64 | 1.4.0 | 11.76 | 60.68 | 72.44 | OK | |
r-release-linux-x86_64 | 1.4.0 | 10.04 | 61.00 | 71.04 | OK | |
r-release-macos-arm64 | 1.4.0 | 55.00 | OK | |||
r-release-macos-x86_64 | 1.4.0 | 114.00 | OK | |||
r-release-windows-x86_64 | 1.4.0 | 17.00 | 93.00 | 110.00 | OK | |
r-oldrel-macos-arm64 | 1.4.0 | 61.00 | OK | |||
r-oldrel-macos-x86_64 | 1.4.0 | 97.00 | OK | |||
r-oldrel-windows-x86_64 | 1.4.0 | 19.00 | 120.00 | 139.00 | OK |
Version: 1.4.0
Check: whether package can be installed
Result: WARN
Found the following significant warnings:
/data/gannet/ripley/R/test-clang/cpp11/include/cpp11/R.hpp:52:31: warning: identifier '_xl' preceded by whitespace in a literal operator declaration is deprecated [-Wdeprecated-literal-operator]
/data/gannet/ripley/R/test-clang/cpp11/include/cpp11/named_arg.hpp:42:29: warning: identifier '_nm' preceded by whitespace in a literal operator declaration is deprecated [-Wdeprecated-literal-operator]
See ‘/data/gannet/ripley/R/packages/tests-clang/gtfstools.Rcheck/00install.out’ for details.
* used C++ compiler: ‘clang version 20.1.0-rc2’
Flavor: r-devel-linux-x86_64-fedora-clang
These binaries (installable software) and packages are in development.
They may not be fully stable and should be used with caution. We make no claims about them.