Last updated on 2025-05-01 12:49:30 CEST.
Flavor | Version | Tinstall | Tcheck | Ttotal | Status | Flags |
---|---|---|---|---|---|---|
r-devel-linux-x86_64-debian-clang | 2.2.0 | 19.31 | 373.90 | 393.21 | NOTE | |
r-devel-linux-x86_64-debian-gcc | 2.2.0 | 12.51 | 253.61 | 266.12 | OK | |
r-devel-linux-x86_64-fedora-clang | 2.2.0 | 666.78 | OK | |||
r-devel-linux-x86_64-fedora-gcc | 2.2.0 | 629.85 | OK | |||
r-devel-windows-x86_64 | 2.2.0 | 23.00 | 346.00 | 369.00 | OK | |
r-patched-linux-x86_64 | 2.2.0 | 19.27 | 353.75 | 373.02 | OK | |
r-release-linux-x86_64 | OK | |||||
r-release-macos-arm64 | 2.2.0 | 141.00 | OK | |||
r-release-macos-x86_64 | 2.2.0 | 510.00 | OK | |||
r-release-windows-x86_64 | 2.2.0 | 22.00 | 344.00 | 366.00 | OK | |
r-oldrel-macos-arm64 | 2.2.0 | 156.00 | OK | |||
r-oldrel-macos-x86_64 | 2.2.0 | 369.00 | OK | |||
r-oldrel-windows-x86_64 | 2.2.0 | 27.00 | 471.00 | 498.00 | OK |
Version: 2.2.0
Check: examples
Result: NOTE
Examples with CPU (user + system) or elapsed time > 5s
user system elapsed
tbl_custom_summary 9.194 0.004 12.268
add_overall 8.839 0.085 10.722
tbl_svysummary 8.314 0.032 11.548
tbl_ard_summary 7.390 0.016 9.971
add_p.tbl_cross 7.319 0.004 8.798
tbl_cross 6.825 0.012 8.403
gather_ard 6.681 0.027 9.134
tbl_strata_nested_stack 6.434 0.004 8.715
sort_filter_p 6.334 0.008 7.733
bold_p 6.152 0.113 8.585
combine_terms 6.018 0.039 7.509
modify_column_merge 5.718 0.012 6.987
add_stat 5.721 0.000 7.997
inline_text.tbl_uvregression 5.392 0.000 7.105
add_stat_label 5.275 0.000 7.454
tbl_survfit 4.986 0.008 6.702
Flavor: r-devel-linux-x86_64-debian-clang
Version: 2.2.0
Check: examples
Result: NA
user system elapsed
add_overall 5.841 0.463 7.552
tbl_custom_summary 6.234 0.044 8.127
tbl_svysummary 5.224 0.015 6.355
add_p.tbl_cross 4.967 0.021 5.997
tbl_ard_summary 4.687 0.066 5.324
bold_p 4.435 0.161 5.399
gather_ard 4.362 0.004 5.166
tbl_strata_nested_stack 4.214 0.004 5.101
add_stat 3.837 0.070 5.120
OK
Flavor: r-devel-linux-x86_64-debian-gcc
These binaries (installable software) and packages are in development.
They may not be fully stable and should be used with caution. We make no claims about them.