Last updated on 2025-10-23 11:50:15 CEST.
Flavor | Version | Tinstall | Tcheck | Ttotal | Status | Flags |
---|---|---|---|---|---|---|
r-devel-linux-x86_64-debian-clang | 0.1.1 | 4.05 | 44.03 | 48.08 | NOTE | |
r-devel-linux-x86_64-debian-gcc | 0.1.1 | 3.25 | 34.05 | 37.30 | OK | |
r-devel-linux-x86_64-fedora-clang | 0.1.1 | 12.00 | 61.39 | 73.39 | OK | |
r-devel-linux-x86_64-fedora-gcc | 0.1.1 | 79.32 | OK | |||
r-devel-windows-x86_64 | 0.1.1 | 7.00 | 60.00 | 67.00 | OK | |
r-patched-linux-x86_64 | 0.1.1 | 4.09 | 40.49 | 44.58 | OK | |
r-release-linux-x86_64 | 0.1.1 | 4.20 | 40.86 | 45.06 | OK | |
r-release-macos-arm64 | 0.1.1 | 3.00 | 36.00 | 39.00 | OK | |
r-release-macos-x86_64 | 0.1.1 | 5.00 | 67.00 | 72.00 | OK | |
r-release-windows-x86_64 | 0.1.1 | 7.00 | 60.00 | 67.00 | OK | |
r-oldrel-macos-arm64 | 0.1.1 | 2.00 | 29.00 | 31.00 | NOTE | |
r-oldrel-macos-x86_64 | 0.1.1 | 5.00 | 60.00 | 65.00 | NOTE | |
r-oldrel-windows-x86_64 | 0.1.1 | 9.00 | 73.00 | 82.00 | NOTE |
Version: 0.1.1
Check: HTML version of manual
Result: NOTE
Found the following HTML validation problems:
gu_api_key.html:56:1 (gu_api_key.Rd:12): Warning: missing </ul> before </div>
Flavor: r-devel-linux-x86_64-debian-clang
Version: 0.1.1
Check: LazyData
Result: NOTE
'LazyData' is specified without a 'data' directory
Flavors: r-oldrel-macos-arm64, r-oldrel-macos-x86_64, r-oldrel-windows-x86_64
These binaries (installable software) and packages are in development.
They may not be fully stable and should be used with caution. We make no claims about them.