CRAN Package Check Results for Package guardianapi

Last updated on 2025-02-16 08:50:49 CET.

Flavor Version Tinstall Tcheck Ttotal Status Flags
r-devel-linux-x86_64-debian-clang 0.1.1 5.18 41.81 46.99 OK
r-devel-linux-x86_64-debian-gcc 0.1.1 3.07 30.28 33.35 OK
r-devel-linux-x86_64-fedora-clang 0.1.1 79.08 OK
r-devel-linux-x86_64-fedora-gcc 0.1.1 82.28 OK
r-devel-macos-arm64 0.1.1 40.00 OK
r-devel-macos-x86_64 0.1.1 84.00 OK
r-devel-windows-x86_64 0.1.1 6.00 59.00 65.00 OK
r-patched-linux-x86_64 0.1.1 4.72 37.72 42.44 NOTE
r-release-linux-x86_64 0.1.1 4.46 38.13 42.59 NOTE
r-release-macos-arm64 0.1.1 31.00 NOTE
r-release-macos-x86_64 0.1.1 65.00 NOTE
r-release-windows-x86_64 0.1.1 7.00 61.00 68.00 NOTE
r-oldrel-macos-arm64 0.1.1 39.00 NOTE
r-oldrel-macos-x86_64 0.1.1 48.00 NOTE
r-oldrel-windows-x86_64 0.1.1 8.00 86.00 94.00 NOTE

Check Details

Version: 0.1.1
Check: LazyData
Result: NOTE 'LazyData' is specified without a 'data' directory Flavors: r-patched-linux-x86_64, r-release-linux-x86_64, r-release-macos-arm64, r-release-macos-x86_64, r-release-windows-x86_64, r-oldrel-macos-arm64, r-oldrel-macos-x86_64, r-oldrel-windows-x86_64

These binaries (installable software) and packages are in development.
They may not be fully stable and should be used with caution. We make no claims about them.