Last updated on 2025-04-16 00:49:42 CEST.
Flavor | Version | Tinstall | Tcheck | Ttotal | Status | Flags |
---|---|---|---|---|---|---|
r-devel-linux-x86_64-debian-clang | 0.1.1 | 4.05 | 41.68 | 45.73 | OK | |
r-devel-linux-x86_64-debian-gcc | 0.1.1 | 3.35 | 30.93 | 34.28 | OK | |
r-devel-linux-x86_64-fedora-clang | 0.1.1 | 72.32 | OK | |||
r-devel-linux-x86_64-fedora-gcc | 0.1.1 | 82.98 | OK | |||
r-devel-windows-x86_64 | 0.1.1 | 6.00 | 60.00 | 66.00 | OK | |
r-patched-linux-x86_64 | 0.1.1 | 3.32 | 39.01 | 42.33 | OK | |
r-release-linux-x86_64 | 0.1.1 | 4.19 | 39.36 | 43.55 | OK | |
r-release-macos-arm64 | 0.1.1 | 39.00 | OK | |||
r-release-macos-x86_64 | 0.1.1 | 72.00 | OK | |||
r-release-windows-x86_64 | 0.1.1 | 7.00 | 60.00 | 67.00 | OK | |
r-oldrel-macos-arm64 | 0.1.1 | 31.00 | NOTE | |||
r-oldrel-macos-x86_64 | 0.1.1 | 65.00 | NOTE | |||
r-oldrel-windows-x86_64 | 0.1.1 | 7.00 | 67.00 | 74.00 | NOTE |
Version: 0.1.1
Check: LazyData
Result: NOTE
'LazyData' is specified without a 'data' directory
Flavors: r-oldrel-macos-arm64, r-oldrel-macos-x86_64, r-oldrel-windows-x86_64
These binaries (installable software) and packages are in development.
They may not be fully stable and should be used with caution. We make no claims about them.