Last updated on 2025-10-24 05:50:41 CEST.
| Flavor | Version | Tinstall | Tcheck | Ttotal | Status | Flags |
|---|---|---|---|---|---|---|
| r-devel-linux-x86_64-debian-clang | 0.2.0 | 3.33 | 47.92 | 51.25 | NOTE | |
| r-devel-linux-x86_64-debian-gcc | 0.2.0 | 2.38 | 34.74 | 37.12 | OK | |
| r-devel-linux-x86_64-fedora-clang | 0.2.0 | 78.55 | OK | |||
| r-devel-linux-x86_64-fedora-gcc | 0.2.0 | 81.26 | OK | |||
| r-devel-windows-x86_64 | 0.2.0 | 5.00 | 64.00 | 69.00 | OK | |
| r-patched-linux-x86_64 | 0.2.0 | 2.73 | 44.30 | 47.03 | OK | |
| r-release-linux-x86_64 | 0.2.0 | 3.02 | 44.65 | 47.67 | OK | |
| r-release-macos-arm64 | 0.2.0 | 2.00 | 32.00 | 34.00 | OK | |
| r-release-macos-x86_64 | 0.2.0 | 5.00 | 56.00 | 61.00 | OK | |
| r-release-windows-x86_64 | 0.2.0 | 5.00 | 65.00 | 70.00 | OK | |
| r-oldrel-macos-arm64 | 0.2.0 | 2.00 | 34.00 | 36.00 | OK | |
| r-oldrel-macos-x86_64 | 0.2.0 | 3.00 | 62.00 | 65.00 | OK | |
| r-oldrel-windows-x86_64 | 0.2.0 | 6.00 | 79.00 | 85.00 | OK |
Version: 0.2.0
Check: HTML version of manual
Result: NOTE
Found the following HTML validation problems:
eq1dk.html:55:1 (eq1dk.Rd:14): Warning: missing </ul> before </div>
eqn1.html:55:1 (eqn1.Rd:14): Warning: missing </ul> before </div>
guess_lik.html:54:1 (guess_lik.Rd:14): Warning: missing </ul> before </div>
guessdk_lik.html:54:1 (guessdk_lik.Rd:14): Warning: missing </ul> before </div>
interleave.html:50:1 (interleave.Rd:12): Warning: missing </ul> before </div>
Flavor: r-devel-linux-x86_64-debian-clang
These binaries (installable software) and packages are in development.
They may not be fully stable and should be used with caution. We make no claims about them.