Last updated on 2025-05-01 15:49:33 CEST.
Flavor | Version | Tinstall | Tcheck | Ttotal | Status | Flags |
---|---|---|---|---|---|---|
r-devel-linux-x86_64-debian-clang | 0.1 | 5.12 | 41.91 | 47.03 | NOTE | |
r-devel-linux-x86_64-debian-gcc | 0.1 | 3.96 | 30.81 | 34.77 | NOTE | |
r-devel-linux-x86_64-fedora-clang | 0.1 | 72.62 | OK | |||
r-devel-linux-x86_64-fedora-gcc | 0.1 | 83.96 | OK | |||
r-devel-windows-x86_64 | 0.1 | 6.00 | 64.00 | 70.00 | OK | |
r-patched-linux-x86_64 | 0.1 | 5.25 | 39.24 | 44.49 | OK | |
r-release-linux-x86_64 | OK | |||||
r-release-macos-arm64 | 0.1 | 32.00 | OK | |||
r-release-macos-x86_64 | 0.1 | 60.00 | OK | |||
r-release-windows-x86_64 | 0.1 | 6.00 | 67.00 | 73.00 | OK | |
r-oldrel-macos-arm64 | 0.1 | 31.00 | OK | |||
r-oldrel-macos-x86_64 | 0.1 | 46.00 | OK | |||
r-oldrel-windows-x86_64 | 0.1 | 9.00 | 70.00 | 79.00 | OK |
Version: 0.1
Check: CRAN incoming feasibility
Result: NOTE
Maintainer: ‘Gaurav Sood <gsood07@gmail.com>’
Package CITATION file contains call(s) to old-style personList() or
as.personList(). Please use c() on person objects instead.
Package CITATION file contains call(s) to old-style citEntry(). Please
use bibentry() instead.
Flavors: r-devel-linux-x86_64-debian-clang, r-devel-linux-x86_64-debian-gcc
These binaries (installable software) and packages are in development.
They may not be fully stable and should be used with caution. We make no claims about them.