Last updated on 2025-02-19 16:50:50 CET.
Flavor | Version | Tinstall | Tcheck | Ttotal | Status | Flags |
---|---|---|---|---|---|---|
r-devel-linux-x86_64-debian-clang | 0.0.1 | 5.70 | 41.41 | 47.11 | NOTE | |
r-devel-linux-x86_64-debian-gcc | 0.0.1 | 3.28 | 29.22 | 32.50 | NOTE | |
r-devel-linux-x86_64-fedora-clang | 0.0.1 | 71.90 | NOTE | |||
r-devel-linux-x86_64-fedora-gcc | 0.0.1 | 67.62 | NOTE | |||
r-devel-macos-arm64 | 0.0.1 | 25.00 | NOTE | |||
r-devel-macos-x86_64 | 0.0.1 | 48.00 | NOTE | |||
r-devel-windows-x86_64 | 0.0.1 | 7.00 | 62.00 | 69.00 | NOTE | |
r-patched-linux-x86_64 | 0.0.1 | 5.61 | 37.89 | 43.50 | NOTE | |
r-release-linux-x86_64 | 0.0.1 | 5.35 | 39.08 | 44.43 | NOTE | |
r-release-macos-arm64 | 0.0.1 | 25.00 | NOTE | |||
r-release-macos-x86_64 | 0.0.1 | 42.00 | NOTE | |||
r-release-windows-x86_64 | 0.0.1 | 7.00 | 60.00 | 67.00 | NOTE | |
r-oldrel-macos-arm64 | 0.0.1 | 26.00 | OK | |||
r-oldrel-macos-x86_64 | 0.0.1 | 35.00 | OK | |||
r-oldrel-windows-x86_64 | 0.0.1 | 9.00 | 86.00 | 95.00 | OK |
Version: 0.0.1
Check: Rd files
Result: NOTE
checkRd: (-1) guild_merge.Rd:38: Lost braces; missing escapes or markup?
38 | \item{\code{summary_name}}{Name used for the run summary. Use '${run_id}' in the name to include the run ID.}
| ^
checkRd: (-1) guild_merge_cli.Rd:88: Lost braces; missing escapes or markup?
88 | \item{summary_name}{Name used for the run summary. Use '${run_id}' in the name to include the run ID.}
| ^
Flavors: r-devel-linux-x86_64-debian-clang, r-devel-linux-x86_64-debian-gcc, r-devel-linux-x86_64-fedora-clang, r-devel-linux-x86_64-fedora-gcc, r-devel-macos-arm64, r-devel-macos-x86_64, r-devel-windows-x86_64, r-patched-linux-x86_64, r-release-linux-x86_64, r-release-macos-arm64, r-release-macos-x86_64, r-release-windows-x86_64
These binaries (installable software) and packages are in development.
They may not be fully stable and should be used with caution. We make no claims about them.