CRAN Package Check Results for Package gunit

Last updated on 2025-05-08 04:52:07 CEST.

Flavor Version Tinstall Tcheck Ttotal Status Flags
r-devel-linux-x86_64-debian-clang 1.0.2 3.70 40.84 44.54 NOTE
r-devel-linux-x86_64-debian-gcc 1.0.2 2.76 30.46 33.22 NOTE
r-devel-linux-x86_64-fedora-clang 1.0.2 66.65 OK
r-devel-linux-x86_64-fedora-gcc 1.0.2 61.89 OK
r-devel-windows-x86_64 1.0.2 5.00 55.00 60.00 OK
r-patched-linux-x86_64 1.0.2 4.35 36.01 40.36 OK
r-release-linux-x86_64 1.0.2 3.77 34.93 38.70 OK
r-release-macos-arm64 1.0.2 40.00 OK
r-release-macos-x86_64 1.0.2 50.00 OK
r-release-windows-x86_64 1.0.2 6.00 57.00 63.00 OK
r-oldrel-macos-arm64 1.0.2 25.00 OK
r-oldrel-macos-x86_64 1.0.2 38.00 OK
r-oldrel-windows-x86_64 1.0.2 6.00 65.00 71.00 OK

Check Details

Version: 1.0.2
Check: CRAN incoming feasibility
Result: NOTE Maintainer: ‘Chris Muir <cdmuir@hawaii.edu>’ Package CITATION file contains call(s) to old-style citEntry(). Please use bibentry() instead. Flavors: r-devel-linux-x86_64-debian-clang, r-devel-linux-x86_64-debian-gcc

These binaries (installable software) and packages are in development.
They may not be fully stable and should be used with caution. We make no claims about them.