CRAN Package Check Results for Package gunit

Last updated on 2025-07-02 03:50:42 CEST.

Flavor Version Tinstall Tcheck Ttotal Status Flags
r-devel-linux-x86_64-debian-clang 1.0.2 4.51 39.70 44.21 NOTE
r-devel-linux-x86_64-debian-gcc 1.0.2 2.81 30.94 33.75 NOTE
r-devel-linux-x86_64-fedora-clang 1.0.2 66.17 OK
r-devel-linux-x86_64-fedora-gcc 1.0.2 58.66 OK
r-devel-windows-x86_64 1.0.2 5.00 57.00 62.00 OK
r-patched-linux-x86_64 OK
r-release-linux-x86_64 1.0.2 3.90 36.19 40.09 OK
r-release-macos-arm64 1.0.2 40.00 OK
r-release-macos-x86_64 1.0.2 50.00 OK
r-release-windows-x86_64 1.0.2 6.00 56.00 62.00 OK
r-oldrel-macos-arm64 1.0.2 25.00 OK
r-oldrel-macos-x86_64 1.0.2 38.00 OK
r-oldrel-windows-x86_64 1.0.2 7.00 64.00 71.00 OK

Check Details

Version: 1.0.2
Check: CRAN incoming feasibility
Result: NOTE Maintainer: ‘Chris Muir <cdmuir@hawaii.edu>’ Package CITATION file contains call(s) to old-style citEntry(). Please use bibentry() instead. Flavors: r-devel-linux-x86_64-debian-clang, r-devel-linux-x86_64-debian-gcc

These binaries (installable software) and packages are in development.
They may not be fully stable and should be used with caution. We make no claims about them.