Last updated on 2025-07-27 03:50:06 CEST.
Flavor | Version | Tinstall | Tcheck | Ttotal | Status | Flags |
---|---|---|---|---|---|---|
r-devel-linux-x86_64-debian-clang | 0.1.2 | 8.05 | 85.91 | 93.96 | NOTE | |
r-devel-linux-x86_64-debian-gcc | 0.1.2 | 5.74 | 61.99 | 67.73 | NOTE | |
r-devel-linux-x86_64-fedora-clang | 0.1.2 | 143.96 | OK | |||
r-devel-linux-x86_64-fedora-gcc | 0.1.2 | 145.93 | OK | |||
r-devel-windows-x86_64 | 0.1.2 | 11.00 | 110.00 | 121.00 | OK | |
r-patched-linux-x86_64 | 0.1.2 | 7.53 | 78.35 | 85.88 | OK | |
r-release-linux-x86_64 | 0.1.2 | 7.22 | 78.08 | 85.30 | OK | |
r-release-macos-arm64 | 0.1.2 | 57.00 | OK | |||
r-release-macos-x86_64 | 0.1.2 | 92.00 | OK | |||
r-release-windows-x86_64 | 0.1.2 | 10.00 | 96.00 | 106.00 | OK | |
r-oldrel-macos-arm64 | 0.1.2 | 42.00 | OK | |||
r-oldrel-macos-x86_64 | 0.1.2 | 82.00 | OK | |||
r-oldrel-windows-x86_64 | 0.1.2 | 15.00 | 116.00 | 131.00 | OK |
Version: 0.1.2
Check: CRAN incoming feasibility
Result: NOTE
Maintainer: ‘Dirk Eddelbuettel <edd@debian.org>’
No Authors@R field in DESCRIPTION.
Please add one, modifying
Authors@R: c(person(given = "Gregor",
family = "Aisch",
role = "aut"),
person(given = "Josh",
family = "Keller",
role = "aut"),
person(given = "Dirk",
family = "Eddelbuettel",
role = c("aut", "cre"),
email = "edd@debian.org"))
as necessary.
Flavors: r-devel-linux-x86_64-debian-clang, r-devel-linux-x86_64-debian-gcc
These binaries (installable software) and packages are in development.
They may not be fully stable and should be used with caution. We make no claims about them.