CRAN Package Check Results for Package gwas2crispr

Last updated on 2025-10-23 17:50:50 CEST.

Flavor Version Tinstall Tcheck Ttotal Status Flags
r-devel-linux-x86_64-debian-clang 0.1.2 1.81 34.23 36.04 OK
r-devel-linux-x86_64-debian-gcc 0.1.2 1.71 27.09 28.80 OK
r-devel-linux-x86_64-fedora-clang 0.1.2 52.00 OK
r-devel-linux-x86_64-fedora-gcc 0.1.2 59.39 OK
r-devel-windows-x86_64 0.1.2 4.00 58.00 62.00 OK
r-patched-linux-x86_64 0.1.2 2.16 31.00 33.16 OK
r-release-linux-x86_64 0.1.2 1.75 30.58 32.33 OK
r-release-macos-arm64 0.1.2 1.00 26.00 27.00 OK
r-release-macos-x86_64 0.1.2 2.00 45.00 47.00 OK
r-release-windows-x86_64 0.1.2 5.00 56.00 61.00 OK
r-oldrel-macos-arm64 0.1.2 1.00 33.00 34.00 NOTE
r-oldrel-macos-x86_64 0.1.2 2.00 51.00 53.00 NOTE
r-oldrel-windows-x86_64 0.1.2 4.00 64.00 68.00 OK

Check Details

Version: 0.1.2
Check: package dependencies
Result: NOTE Package suggested but not available for checking: ‘BSgenome.Hsapiens.UCSC.hg38’ Flavors: r-oldrel-macos-arm64, r-oldrel-macos-x86_64

These binaries (installable software) and packages are in development.
They may not be fully stable and should be used with caution. We make no claims about them.