Last updated on 2025-11-12 12:53:12 CET.
| Flavor | Version | Tinstall | Tcheck | Ttotal | Status | Flags |
|---|---|---|---|---|---|---|
| r-devel-linux-x86_64-debian-clang | 0.1.3 | 20.07 | 83.29 | 103.36 | NOTE | |
| r-devel-linux-x86_64-debian-gcc | 0.1.3 | 15.17 | 59.27 | 74.44 | NOTE | |
| r-devel-linux-x86_64-fedora-clang | 0.1.3 | 121.00 | 57.42 | 178.42 | NOTE | |
| r-devel-linux-x86_64-fedora-gcc | 0.1.3 | 54.00 | 106.13 | 160.13 | NOTE | |
| r-devel-windows-x86_64 | 0.1.3 | 24.00 | 102.00 | 126.00 | OK | |
| r-patched-linux-x86_64 | 0.1.3 | 21.88 | 79.82 | 101.70 | OK | |
| r-release-linux-x86_64 | 0.1.3 | 20.89 | 79.84 | 100.73 | OK | |
| r-release-macos-arm64 | 0.1.3 | 9.00 | 33.00 | 42.00 | OK | |
| r-release-macos-x86_64 | 0.1.3 | 16.00 | 61.00 | 77.00 | OK | |
| r-release-windows-x86_64 | 0.1.3 | 24.00 | 98.00 | 122.00 | OK | |
| r-oldrel-macos-arm64 | 0.1.3 | 10.00 | 34.00 | 44.00 | OK | |
| r-oldrel-macos-x86_64 | 0.1.3 | 14.00 | 57.00 | 71.00 | OK | |
| r-oldrel-windows-x86_64 | 0.1.3 | 33.00 | 127.00 | 160.00 | OK |
Version: 0.1.3
Check: CRAN incoming feasibility
Result: NOTE
Maintainer: ‘Joseph Emile Honour Percival <ipercival@gmail.com>’
The Description field contains
(Percival et al., 2021)<arXiv:2101.03491>.
Please refer to arXiv e-prints via their arXiv DOI <doi:10.48550/arXiv.YYMM.NNNNN>.
Flavors: r-devel-linux-x86_64-debian-clang, r-devel-linux-x86_64-debian-gcc
Version: 0.1.3
Check: dependencies in R code
Result: NOTE
Namespaces in Imports field not imported from:
‘DT’ ‘attempt’ ‘corpcor’ ‘glue’ ‘htmltools’ ‘pkgload’ ‘processx’
‘tools’
All declared Imports should be used.
Flavors: r-devel-linux-x86_64-fedora-clang, r-devel-linux-x86_64-fedora-gcc
These binaries (installable software) and packages are in development.
They may not be fully stable and should be used with caution. We make no claims about them.