Last updated on 2025-05-01 08:52:35 CEST.
Flavor | Version | Tinstall | Tcheck | Ttotal | Status | Flags |
---|---|---|---|---|---|---|
r-devel-linux-x86_64-debian-clang | 0.1.3 | 19.81 | 75.87 | 95.68 | NOTE | |
r-devel-linux-x86_64-debian-gcc | 0.1.3 | 15.37 | 53.79 | 69.16 | NOTE | |
r-devel-linux-x86_64-fedora-clang | 0.1.3 | 145.03 | NOTE | |||
r-devel-linux-x86_64-fedora-gcc | 0.1.3 | 142.29 | NOTE | |||
r-devel-windows-x86_64 | 0.1.3 | 26.00 | 97.00 | 123.00 | OK | |
r-patched-linux-x86_64 | 0.1.3 | 22.24 | 70.69 | 92.93 | OK | |
r-release-linux-x86_64 | OK | |||||
r-release-macos-arm64 | 0.1.3 | 42.00 | OK | |||
r-release-macos-x86_64 | 0.1.3 | 77.00 | OK | |||
r-release-windows-x86_64 | 0.1.3 | 28.00 | 97.00 | 125.00 | OK | |
r-oldrel-macos-arm64 | 0.1.3 | 44.00 | OK | |||
r-oldrel-macos-x86_64 | 0.1.3 | 71.00 | OK | |||
r-oldrel-windows-x86_64 | 0.1.3 | 29.00 | 122.00 | 151.00 | OK |
Version: 0.1.3
Check: CRAN incoming feasibility
Result: NOTE
Maintainer: ‘Joseph Emile Honour Percival <ipercival@gmail.com>’
The Description field contains
(Percival et al., 2021)<arXiv:2101.03491>.
Please refer to arXiv e-prints via their arXiv DOI <doi:10.48550/arXiv.YYMM.NNNNN>.
Flavors: r-devel-linux-x86_64-debian-clang, r-devel-linux-x86_64-debian-gcc
Version: 0.1.3
Check: dependencies in R code
Result: NOTE
Namespaces in Imports field not imported from:
‘DT’ ‘attempt’ ‘corpcor’ ‘glue’ ‘htmltools’ ‘pkgload’ ‘processx’
‘tools’
All declared Imports should be used.
Flavors: r-devel-linux-x86_64-fedora-clang, r-devel-linux-x86_64-fedora-gcc
These binaries (installable software) and packages are in development.
They may not be fully stable and should be used with caution. We make no claims about them.