Last updated on 2025-05-01 15:49:33 CEST.
Flavor | Version | Tinstall | Tcheck | Ttotal | Status | Flags |
---|---|---|---|---|---|---|
r-devel-linux-x86_64-debian-clang | 3.44.0.3 | 30.65 | 167.31 | 197.96 | OK | |
r-devel-linux-x86_64-debian-gcc | 3.44.0.3 | 22.56 | 107.45 | 130.01 | OK | |
r-devel-linux-x86_64-fedora-clang | 3.44.0.3 | 310.02 | OK | |||
r-devel-linux-x86_64-fedora-gcc | 3.44.0.3 | 292.08 | OK | |||
r-devel-windows-x86_64 | 3.44.0.3 | 55.00 | 256.00 | 311.00 | OK | |
r-patched-linux-x86_64 | 3.44.0.3 | 35.16 | 155.28 | 190.44 | OK | |
r-release-linux-x86_64 | OK | |||||
r-release-macos-arm64 | 3.44.0.3 | 110.00 | OK | |||
r-release-macos-x86_64 | 3.44.0.3 | 182.00 | OK | |||
r-release-windows-x86_64 | 3.44.0.3 | 171.00 | 251.00 | 422.00 | OK | |
r-oldrel-macos-arm64 | 3.44.0.3 | 119.00 | NOTE | |||
r-oldrel-macos-x86_64 | 3.44.0.3 | 137.00 | NOTE | |||
r-oldrel-windows-x86_64 | 3.44.0.3 | 62.00 | 294.00 | 356.00 | NOTE |
Version: 3.44.0.3
Check: installed package size
Result: NOTE
installed size is 275.7Mb
sub-directories of 1Mb or more:
R 2.1Mb
help 1.0Mb
java 272.1Mb
Flavors: r-oldrel-macos-arm64, r-oldrel-macos-x86_64, r-oldrel-windows-x86_64
These binaries (installable software) and packages are in development.
They may not be fully stable and should be used with caution. We make no claims about them.