Last updated on 2025-11-13 17:50:36 CET.
| Flavor | Version | Tinstall | Tcheck | Ttotal | Status | Flags |
|---|---|---|---|---|---|---|
| r-devel-linux-x86_64-debian-clang | 3.44.0.3 | 35.39 | 177.45 | 212.84 | OK | |
| r-devel-linux-x86_64-debian-gcc | 3.44.0.3 | 20.86 | 111.04 | 131.90 | OK | |
| r-devel-linux-x86_64-fedora-clang | 3.44.0.3 | 138.00 | 200.32 | 338.32 | OK | |
| r-devel-linux-x86_64-fedora-gcc | 3.44.0.3 | 79.00 | 207.61 | 286.61 | OK | |
| r-devel-windows-x86_64 | 3.44.0.3 | 54.00 | 251.00 | 305.00 | OK | |
| r-patched-linux-x86_64 | 3.44.0.3 | 38.63 | 165.37 | 204.00 | OK | |
| r-release-linux-x86_64 | 3.44.0.3 | 28.33 | 165.06 | 193.39 | OK | |
| r-release-macos-arm64 | 3.44.0.3 | 53.00 | 57.00 | 110.00 | OK | |
| r-release-macos-x86_64 | 3.44.0.3 | 56.00 | 126.00 | 182.00 | OK | |
| r-release-windows-x86_64 | 3.44.0.3 | 60.00 | 254.00 | 314.00 | OK | |
| r-oldrel-macos-arm64 | 3.44.0.3 | 65.00 | 54.00 | 119.00 | NOTE | |
| r-oldrel-macos-x86_64 | 3.44.0.3 | 48.00 | 89.00 | 137.00 | NOTE | |
| r-oldrel-windows-x86_64 | 3.44.0.3 | 172.00 | 289.00 | 461.00 | NOTE |
Version: 3.44.0.3
Check: installed package size
Result: NOTE
installed size is 275.7Mb
sub-directories of 1Mb or more:
R 2.1Mb
help 1.0Mb
java 272.1Mb
Flavors: r-oldrel-macos-arm64, r-oldrel-macos-x86_64, r-oldrel-windows-x86_64
These binaries (installable software) and packages are in development.
They may not be fully stable and should be used with caution. We make no claims about them.