Last updated on 2025-02-16 08:50:49 CET.
Flavor | Version | Tinstall | Tcheck | Ttotal | Status | Flags |
---|---|---|---|---|---|---|
r-devel-linux-x86_64-debian-clang | 3.44.0.3 | 30.23 | 164.78 | 195.01 | OK | |
r-devel-linux-x86_64-debian-gcc | 3.44.0.3 | 20.56 | 101.72 | 122.28 | OK | |
r-devel-linux-x86_64-fedora-clang | 3.44.0.3 | 336.29 | OK | |||
r-devel-linux-x86_64-fedora-gcc | 3.44.0.3 | 289.97 | OK | |||
r-devel-macos-arm64 | 3.44.0.3 | 112.00 | OK | |||
r-devel-macos-x86_64 | 3.44.0.3 | 195.00 | OK | |||
r-devel-windows-x86_64 | 3.44.0.3 | 57.00 | 242.00 | 299.00 | OK | |
r-patched-linux-x86_64 | 3.44.0.3 | 35.30 | 150.11 | 185.41 | OK | |
r-release-linux-x86_64 | 3.44.0.3 | 26.38 | 150.96 | 177.34 | OK | |
r-release-macos-arm64 | 3.44.0.3 | 119.00 | NOTE | |||
r-release-macos-x86_64 | 3.44.0.3 | 137.00 | NOTE | |||
r-release-windows-x86_64 | 3.44.0.3 | 151.00 | 244.00 | 395.00 | NOTE | |
r-oldrel-macos-arm64 | 3.44.0.3 | 120.00 | NOTE | |||
r-oldrel-macos-x86_64 | 3.44.0.3 | 244.00 | NOTE | |||
r-oldrel-windows-x86_64 | 3.44.0.3 | 63.00 | 271.00 | 334.00 | ERROR |
Version: 3.44.0.3
Check: installed package size
Result: NOTE
installed size is 275.7Mb
sub-directories of 1Mb or more:
R 2.1Mb
help 1.0Mb
java 272.1Mb
Flavors: r-release-macos-arm64, r-release-macos-x86_64, r-release-windows-x86_64, r-oldrel-macos-arm64, r-oldrel-macos-x86_64
Version: 3.44.0.3
Check: whether package can be installed
Result: ERROR
Installation failed.
Flavor: r-oldrel-windows-x86_64
These binaries (installable software) and packages are in development.
They may not be fully stable and should be used with caution. We make no claims about them.