Last updated on 2025-11-12 19:51:51 CET.
| Flavor | Version | Tinstall | Tcheck | Ttotal | Status | Flags |
|---|---|---|---|---|---|---|
| r-devel-linux-x86_64-debian-clang | 0.1.2 | 5.02 | 26.52 | 31.54 | OK | |
| r-devel-linux-x86_64-debian-gcc | 0.1.2 | 3.87 | 21.57 | 25.44 | OK | |
| r-devel-linux-x86_64-fedora-clang | 0.1.2 | 23.00 | 23.39 | 46.39 | OK | |
| r-devel-linux-x86_64-fedora-gcc | 0.1.2 | 12.00 | 30.74 | 42.74 | OK | |
| r-devel-windows-x86_64 | 0.1.2 | 12.00 | 58.00 | 70.00 | OK | |
| r-patched-linux-x86_64 | 0.1.2 | 5.57 | 23.93 | 29.50 | OK | |
| r-release-linux-x86_64 | 0.1.2 | 4.96 | 23.63 | 28.59 | OK | |
| r-release-macos-arm64 | 0.1.2 | 5.00 | 19.00 | 24.00 | OK | |
| r-release-macos-x86_64 | 0.1.2 | 5.00 | 26.00 | 31.00 | OK | |
| r-release-windows-x86_64 | 0.1.2 | 11.00 | 56.00 | 67.00 | OK | |
| r-oldrel-macos-arm64 | 0.1.2 | 3.00 | 20.00 | 23.00 | OK | |
| r-oldrel-macos-x86_64 | 0.1.2 | 5.00 | 34.00 | 39.00 | OK | |
| r-oldrel-windows-x86_64 | 0.1.2 | 10.00 | 9.00 | 19.00 | ERROR |
Version: 0.1.2
Check: package dependencies
Result: ERROR
Package required and available but unsuitable version: 'h3lib'
See section 'The DESCRIPTION file' in the 'Writing R Extensions'
manual.
Flavor: r-oldrel-windows-x86_64
These binaries (installable software) and packages are in development.
They may not be fully stable and should be used with caution. We make no claims about them.