Last updated on 2025-05-01 14:49:12 CEST.
Flavor | Version | Tinstall | Tcheck | Ttotal | Status | Flags |
---|---|---|---|---|---|---|
r-devel-linux-x86_64-debian-clang | 1.0.0 | 7.24 | 68.69 | 75.93 | NOTE | |
r-devel-linux-x86_64-debian-gcc | 1.0.0 | 4.86 | 49.32 | 54.18 | NOTE | |
r-devel-linux-x86_64-fedora-clang | 1.0.0 | 107.91 | OK | |||
r-devel-linux-x86_64-fedora-gcc | 1.0.0 | 117.31 | OK | |||
r-devel-windows-x86_64 | 1.0.0 | 8.00 | 84.00 | 92.00 | OK | |
r-patched-linux-x86_64 | 1.0.0 | 7.01 | 62.64 | 69.65 | OK | |
r-release-linux-x86_64 | OK | |||||
r-release-macos-arm64 | 1.0.0 | 63.00 | OK | |||
r-release-macos-x86_64 | 1.0.0 | 70.00 | OK | |||
r-release-windows-x86_64 | 1.0.0 | 8.00 | 95.00 | 103.00 | OK | |
r-oldrel-macos-arm64 | 1.0.0 | 41.00 | OK | |||
r-oldrel-macos-x86_64 | 1.0.0 | 56.00 | OK | |||
r-oldrel-windows-x86_64 | 1.0.0 | 11.00 | 98.00 | 109.00 | OK |
Version: 1.0.0
Check: CRAN incoming feasibility
Result: NOTE
Maintainer: ‘Lai Jiang <jian848@usc.edu>’
No Authors@R field in DESCRIPTION.
Please add one, modifying
Authors@R: person(given = "Lai",
family = "Jiang",
role = c("aut", "cre"),
email = "jian848@usc.edu")
as necessary.
Found the following URLs which should use \doi (with the DOI name only):
File ‘get_cond_alpha.Rd’:
https://doi.org/10.1101/2020.02.03.924241
File ‘hJAM_egger.Rd’:
https://doi.org/10.1101/2020.02.03.924241
File ‘hJAM_lnreg.Rd’:
https://doi.org/10.1101/2020.02.03.924241
Flavors: r-devel-linux-x86_64-debian-clang, r-devel-linux-x86_64-debian-gcc
These binaries (installable software) and packages are in development.
They may not be fully stable and should be used with caution. We make no claims about them.