Last updated on 2025-05-23 11:55:55 CEST.
Flavor | Version | Tinstall | Tcheck | Ttotal | Status | Flags |
---|---|---|---|---|---|---|
r-devel-linux-x86_64-debian-clang | 0.3.2 | 4.30 | 58.14 | 62.44 | NOTE | |
r-devel-linux-x86_64-debian-gcc | 0.3.2 | 3.34 | 43.22 | 46.56 | NOTE | |
r-devel-linux-x86_64-fedora-clang | 0.3.2 | 104.10 | OK | |||
r-devel-linux-x86_64-fedora-gcc | 0.3.2 | 107.45 | OK | |||
r-devel-windows-x86_64 | 0.3.2 | 9.00 | 120.00 | 129.00 | OK | |
r-patched-linux-x86_64 | 0.3.2 | 4.92 | 53.77 | 58.69 | OK | |
r-release-linux-x86_64 | 0.3.2 | 4.56 | 53.42 | 57.98 | OK | |
r-release-macos-arm64 | 0.3.2 | 58.00 | OK | |||
r-release-macos-x86_64 | 0.3.2 | 71.00 | OK | |||
r-release-windows-x86_64 | 0.3.2 | 8.00 | 114.00 | 122.00 | OK | |
r-oldrel-macos-arm64 | 0.3.2 | 39.00 | OK | |||
r-oldrel-macos-x86_64 | 0.3.2 | 58.00 | OK | |||
r-oldrel-windows-x86_64 | 0.3.2 | 9.00 | 89.00 | 98.00 | OK |
Version: 0.3.2
Check: CRAN incoming feasibility
Result: NOTE
Maintainer: ‘David Sjoberg <dav.sjob@gmail.com>’
No Authors@R field in DESCRIPTION.
Please add one, modifying
Authors@R: person(given = "David",
family = "Sjoberg",
role = c("aut", "cre"),
email = "dav.sjob@gmail.com")
as necessary.
Flavors: r-devel-linux-x86_64-debian-clang, r-devel-linux-x86_64-debian-gcc
These binaries (installable software) and packages are in development.
They may not be fully stable and should be used with caution. We make no claims about them.