CRAN Package Check Results for Package hablar

Last updated on 2025-11-11 15:50:35 CET.

Flavor Version Tinstall Tcheck Ttotal Status Flags
r-devel-linux-x86_64-debian-clang 0.3.2 4.33 60.66 64.99 NOTE
r-devel-linux-x86_64-debian-gcc 0.3.2 3.35 45.30 48.65 NOTE
r-devel-linux-x86_64-fedora-clang 0.3.2 20.00 84.92 104.92 OK
r-devel-linux-x86_64-fedora-gcc 0.3.2 12.00 94.56 106.56 OK
r-devel-windows-x86_64 0.3.2 8.00 76.00 84.00 OK
r-patched-linux-x86_64 0.3.2 4.66 56.14 60.80 OK
r-release-linux-x86_64 0.3.2 4.42 55.46 59.88 OK
r-release-macos-arm64 0.3.2 3.00 55.00 58.00 OK
r-release-macos-x86_64 0.3.2 4.00 67.00 71.00 OK
r-release-windows-x86_64 0.3.2 7.00 72.00 79.00 OK
r-oldrel-macos-arm64 0.3.2 2.00 37.00 39.00 OK
r-oldrel-macos-x86_64 0.3.2 3.00 55.00 58.00 OK
r-oldrel-windows-x86_64 0.3.2 9.00 89.00 98.00 OK

Check Details

Version: 0.3.2
Check: CRAN incoming feasibility
Result: NOTE Maintainer: ‘David Sjoberg <dav.sjob@gmail.com>’ No Authors@R field in DESCRIPTION. Please add one, modifying Authors@R: person(given = "David", family = "Sjoberg", role = c("aut", "cre"), email = "dav.sjob@gmail.com") as necessary. Flavors: r-devel-linux-x86_64-debian-clang, r-devel-linux-x86_64-debian-gcc

These binaries (installable software) and packages are in development.
They may not be fully stable and should be used with caution. We make no claims about them.