Last updated on 2025-10-23 11:50:15 CEST.
Flavor | Version | Tinstall | Tcheck | Ttotal | Status | Flags |
---|---|---|---|---|---|---|
r-devel-linux-x86_64-debian-clang | 1.1.1 | 31.71 | 573.76 | 605.47 | OK | |
r-devel-linux-x86_64-debian-gcc | 1.1.1 | 18.22 | 391.48 | 409.70 | OK | |
r-devel-linux-x86_64-fedora-clang | 1.1.1 | 117.00 | 845.32 | 962.32 | OK | |
r-devel-linux-x86_64-fedora-gcc | 1.1.1 | 68.00 | 823.03 | 891.03 | OK | |
r-devel-windows-x86_64 | 1.1.1 | 31.00 | 479.00 | 510.00 | OK | |
r-patched-linux-x86_64 | 1.1.1 | 27.13 | 563.16 | 590.29 | OK | |
r-release-linux-x86_64 | 1.1.1 | 26.64 | 558.63 | 585.27 | OK | |
r-release-macos-arm64 | 1.1.1 | 13.00 | 294.00 | 307.00 | OK | |
r-release-macos-x86_64 | 1.1.1 | 25.00 | 517.00 | 542.00 | OK | |
r-release-windows-x86_64 | 1.1.1 | 31.00 | 490.00 | 521.00 | OK | |
r-oldrel-macos-arm64 | 1.1.1 | 11.00 | 240.00 | 251.00 | OK | |
r-oldrel-macos-x86_64 | 1.1.1 | 24.00 | 406.00 | 430.00 | NOTE | |
r-oldrel-windows-x86_64 | 1.1.1 | 40.00 | 661.00 | 701.00 | OK |
Version: 1.1.1
Check: installed package size
Result: NOTE
installed size is 5.4Mb
sub-directories of 1Mb or more:
data 3.3Mb
doc 1.1Mb
Flavor: r-oldrel-macos-x86_64
These binaries (installable software) and packages are in development.
They may not be fully stable and should be used with caution. We make no claims about them.