Last updated on 2025-02-16 08:50:49 CET.
Flavor | Version | Tinstall | Tcheck | Ttotal | Status | Flags |
---|---|---|---|---|---|---|
r-devel-linux-x86_64-debian-clang | 0.1.0 | 2.03 | 33.95 | 35.98 | OK | |
r-devel-linux-x86_64-debian-gcc | 0.1.0 | 1.71 | 23.57 | 25.28 | OK | |
r-devel-linux-x86_64-fedora-clang | 0.1.0 | 58.19 | OK | |||
r-devel-linux-x86_64-fedora-gcc | 0.1.0 | 63.83 | OK | |||
r-devel-macos-arm64 | 0.1.0 | 110.00 | OK | |||
r-devel-macos-x86_64 | 0.1.0 | 69.00 | OK | |||
r-devel-windows-x86_64 | 0.1.0 | 5.00 | 72.00 | 77.00 | OK | |
r-patched-linux-x86_64 | 0.1.0 | 2.40 | 28.95 | 31.35 | NOTE | |
r-release-linux-x86_64 | 0.1.0 | 2.13 | 31.60 | 33.73 | NOTE | |
r-release-macos-arm64 | 0.1.0 | 44.00 | NOTE | |||
r-release-macos-x86_64 | 0.1.0 | 166.00 | NOTE | |||
r-release-windows-x86_64 | 0.1.0 | 5.00 | 76.00 | 81.00 | NOTE | |
r-oldrel-macos-arm64 | 0.1.0 | 41.00 | NOTE | |||
r-oldrel-macos-x86_64 | 0.1.0 | 58.00 | NOTE | |||
r-oldrel-windows-x86_64 | 0.1.0 | 4.00 | 109.00 | 113.00 | NOTE |
Version: 0.1.0
Check: LazyData
Result: NOTE
'LazyData' is specified without a 'data' directory
Flavors: r-patched-linux-x86_64, r-release-linux-x86_64, r-release-macos-arm64, r-release-macos-x86_64, r-release-windows-x86_64, r-oldrel-macos-arm64, r-oldrel-macos-x86_64, r-oldrel-windows-x86_64
These binaries (installable software) and packages are in development.
They may not be fully stable and should be used with caution. We make no claims about them.