CRAN Package Check Results for Package hackeRnews

Last updated on 2025-10-23 11:50:15 CEST.

Flavor Version Tinstall Tcheck Ttotal Status Flags
r-devel-linux-x86_64-debian-clang 0.2.1 1.90 35.64 37.54 NOTE
r-devel-linux-x86_64-debian-gcc 0.2.1 1.62 24.67 26.29 OK
r-devel-linux-x86_64-fedora-clang 0.2.1 49.65 OK
r-devel-linux-x86_64-fedora-gcc 0.2.1 59.37 OK
r-devel-windows-x86_64 0.2.1 4.00 54.00 58.00 OK
r-patched-linux-x86_64 0.2.1 2.26 29.04 31.30 OK
r-release-linux-x86_64 0.2.1 1.91 29.64 31.55 OK
r-release-macos-arm64 0.2.1 1.00 67.00 68.00 OK
r-release-macos-x86_64 0.2.1 2.00 76.00 78.00 OK
r-release-windows-x86_64 0.2.1 4.00 56.00 60.00 OK
r-oldrel-macos-arm64 0.2.1 1.00 47.00 48.00 OK
r-oldrel-macos-x86_64 0.2.1 2.00 133.00 135.00 OK
r-oldrel-windows-x86_64 0.2.1 5.00 66.00 71.00 OK

Check Details

Version: 0.2.1
Check: HTML version of manual
Result: NOTE Found the following HTML validation problems: print.hn_item.html:51:1 (print.hn_item.Rd:12): Warning: missing </ul> before </div> print.hn_user.html:51:1 (print.hn_user.Rd:12): Warning: missing </ul> before </div> Flavor: r-devel-linux-x86_64-debian-clang

These binaries (installable software) and packages are in development.
They may not be fully stable and should be used with caution. We make no claims about them.