Last updated on 2025-02-24 12:52:01 CET.
Flavor | Version | Tinstall | Tcheck | Ttotal | Status | Flags |
---|---|---|---|---|---|---|
r-devel-linux-x86_64-debian-clang | 3.1.12 | 5.80 | 67.19 | 72.99 | NOTE | |
r-devel-linux-x86_64-debian-gcc | 3.1.12 | 3.88 | 49.08 | 52.96 | NOTE | |
r-devel-linux-x86_64-fedora-clang | 3.1.12 | 113.69 | OK | |||
r-devel-linux-x86_64-fedora-gcc | 3.1.12 | 123.12 | OK | |||
r-devel-macos-arm64 | 3.1.12 | 45.00 | OK | |||
r-devel-macos-x86_64 | 3.1.12 | 81.00 | OK | |||
r-devel-windows-x86_64 | 3.1.12 | 8.00 | 80.00 | 88.00 | NOTE | |
r-patched-linux-x86_64 | 3.1.12 | 8.95 | 63.50 | 72.45 | OK | |
r-release-linux-x86_64 | 3.1.12 | 5.33 | 63.94 | 69.27 | OK | |
r-release-macos-arm64 | 3.1.12 | 43.00 | OK | |||
r-release-macos-x86_64 | 3.1.12 | 61.00 | OK | |||
r-release-windows-x86_64 | 3.1.12 | 8.00 | 82.00 | 90.00 | OK | |
r-oldrel-macos-arm64 | 3.1.12 | 44.00 | OK | |||
r-oldrel-macos-x86_64 | 3.1.12 | 84.00 | OK | |||
r-oldrel-windows-x86_64 | 3.1.12 | 9.00 | 91.00 | 100.00 | OK |
Version: 3.1.12
Check: Rd cross-references
Result: NOTE
Found the following Rd file(s) with Rd \link{} targets missing package
anchors:
diversities_table.Rd: pander, pandoc.table
individual_pathotypes.Rd: pander
Please provide package anchors for all Rd \link{} targets not in the
package itself and the base packages.
Flavors: r-devel-linux-x86_64-debian-clang, r-devel-linux-x86_64-debian-gcc, r-devel-windows-x86_64
These binaries (installable software) and packages are in development.
They may not be fully stable and should be used with caution. We make no claims about them.