Last updated on 2025-05-01 15:49:33 CEST.
Flavor | Version | Tinstall | Tcheck | Ttotal | Status | Flags |
---|---|---|---|---|---|---|
r-devel-linux-x86_64-debian-clang | 3.1.12 | 6.06 | 75.02 | 81.08 | NOTE | |
r-devel-linux-x86_64-debian-gcc | 3.1.12 | 4.76 | 54.79 | 59.55 | NOTE | |
r-devel-linux-x86_64-fedora-clang | 3.1.12 | 115.44 | OK | |||
r-devel-linux-x86_64-fedora-gcc | 3.1.12 | 122.75 | OK | |||
r-devel-windows-x86_64 | 3.1.12 | 7.00 | 90.00 | 97.00 | NOTE | |
r-patched-linux-x86_64 | 3.1.12 | 6.58 | 70.33 | 76.91 | NOTE | |
r-release-linux-x86_64 | NOTE | |||||
r-release-macos-arm64 | 3.1.12 | 58.00 | OK | |||
r-release-macos-x86_64 | 3.1.12 | 72.00 | OK | |||
r-release-windows-x86_64 | 3.1.12 | 9.00 | 93.00 | 102.00 | NOTE | |
r-oldrel-macos-arm64 | 3.1.12 | 43.00 | OK | |||
r-oldrel-macos-x86_64 | 3.1.12 | 61.00 | OK | |||
r-oldrel-windows-x86_64 | 3.1.12 | 10.00 | 105.00 | 115.00 | OK |
Version: 3.1.12
Check: Rd cross-references
Result: NOTE
Found the following Rd file(s) with Rd \link{} targets missing package
anchors:
diversities_table.Rd: pander, pandoc.table
individual_pathotypes.Rd: pander
Please provide package anchors for all Rd \link{} targets not in the
package itself and the base packages.
Flavors: r-devel-linux-x86_64-debian-clang, r-devel-linux-x86_64-debian-gcc, r-devel-windows-x86_64, r-patched-linux-x86_64, r-release-linux-x86_64, r-release-windows-x86_64
These binaries (installable software) and packages are in development.
They may not be fully stable and should be used with caution. We make no claims about them.