Last updated on 2025-05-01 08:52:35 CEST.
Flavor | Version | Tinstall | Tcheck | Ttotal | Status | Flags |
---|---|---|---|---|---|---|
r-devel-linux-x86_64-debian-clang | 1.0.0 | 51.06 | 81.36 | 132.42 | OK | |
r-devel-linux-x86_64-debian-gcc | 1.0.0 | 37.41 | 56.79 | 94.20 | OK | |
r-devel-linux-x86_64-fedora-clang | 1.0.0 | 246.03 | OK | |||
r-devel-linux-x86_64-fedora-gcc | 1.0.0 | 210.20 | OK | |||
r-devel-windows-x86_64 | 1.0.0 | 64.00 | 125.00 | 189.00 | OK | |
r-patched-linux-x86_64 | 1.0.0 | 55.32 | 75.35 | 130.67 | OK | |
r-release-linux-x86_64 | OK | |||||
r-release-macos-arm64 | 1.0.0 | 64.00 | OK | |||
r-release-macos-x86_64 | 1.0.0 | 97.00 | OK | |||
r-release-windows-x86_64 | 1.0.0 | 68.00 | 127.00 | 195.00 | OK | |
r-oldrel-macos-arm64 | 1.0.0 | 59.00 | NOTE | |||
r-oldrel-macos-x86_64 | 1.0.0 | 77.00 | NOTE | |||
r-oldrel-windows-x86_64 | 1.0.0 | 73.00 | 149.00 | 222.00 | OK |
Version: 1.0.0
Check: installed package size
Result: NOTE
installed size is 5.8Mb
sub-directories of 1Mb or more:
data 3.0Mb
libs 2.5Mb
Flavors: r-oldrel-macos-arm64, r-oldrel-macos-x86_64
These binaries (installable software) and packages are in development.
They may not be fully stable and should be used with caution. We make no claims about them.