Last updated on 2025-07-02 03:50:42 CEST.
Flavor | Version | Tinstall | Tcheck | Ttotal | Status | Flags |
---|---|---|---|---|---|---|
r-devel-linux-x86_64-debian-clang | 3.2.4 | 57.24 | 241.37 | 298.61 | OK | |
r-devel-linux-x86_64-debian-gcc | 3.2.4 | 40.83 | 154.31 | 195.14 | OK | |
r-devel-linux-x86_64-fedora-clang | 3.2.4 | 477.94 | OK | |||
r-devel-linux-x86_64-fedora-gcc | 3.2.4 | 477.33 | OK | |||
r-devel-windows-x86_64 | 3.2.4 | 60.00 | 282.00 | 342.00 | OK | |
r-patched-linux-x86_64 | OK | |||||
r-release-linux-x86_64 | 3.2.4 | 52.39 | 225.78 | 278.17 | OK | |
r-release-macos-arm64 | 3.2.4 | 132.00 | OK | |||
r-release-macos-x86_64 | 3.2.4 | 259.00 | OK | |||
r-release-windows-x86_64 | 3.2.4 | 62.00 | 282.00 | 344.00 | OK | |
r-oldrel-macos-arm64 | 3.2.4 | 119.00 | NOTE | |||
r-oldrel-macos-x86_64 | 3.2.4 | 248.00 | NOTE | |||
r-oldrel-windows-x86_64 | 3.2.4 | 72.00 | 368.00 | 440.00 | OK |
Version: 3.2.4
Check: installed package size
Result: NOTE
installed size is 5.7Mb
sub-directories of 1Mb or more:
libs 3.2Mb
Flavors: r-oldrel-macos-arm64, r-oldrel-macos-x86_64
These binaries (installable software) and packages are in development.
They may not be fully stable and should be used with caution. We make no claims about them.