Last updated on 2025-10-03 11:50:46 CEST.
Flavor | Version | Tinstall | Tcheck | Ttotal | Status | Flags |
---|---|---|---|---|---|---|
r-devel-linux-x86_64-debian-clang | 3.2.4 | 54.46 | 252.54 | 307.00 | OK | |
r-devel-linux-x86_64-debian-gcc | 3.2.4 | 33.51 | 163.64 | 197.15 | OK | |
r-devel-linux-x86_64-fedora-clang | 3.2.4 | 494.78 | OK | |||
r-devel-linux-x86_64-fedora-gcc | 3.2.4 | 478.13 | OK | |||
r-devel-windows-x86_64 | 3.2.4 | 65.00 | 285.00 | 350.00 | OK | |
r-patched-linux-x86_64 | 3.2.4 | 55.16 | 242.39 | 297.55 | OK | |
r-release-linux-x86_64 | 3.2.4 | 50.79 | 239.11 | 289.90 | OK | |
r-release-macos-arm64 | 3.2.4 | 132.00 | OK | |||
r-release-macos-x86_64 | 3.2.4 | 259.00 | OK | |||
r-release-windows-x86_64 | 3.2.4 | 67.00 | 291.00 | 358.00 | OK | |
r-oldrel-macos-arm64 | 3.2.4 | 119.00 | NOTE | |||
r-oldrel-macos-x86_64 | 3.2.4 | 248.00 | NOTE | |||
r-oldrel-windows-x86_64 | 3.2.4 | 81.00 | 384.00 | 465.00 | OK |
Version: 3.2.4
Check: installed package size
Result: NOTE
installed size is 5.7Mb
sub-directories of 1Mb or more:
libs 3.2Mb
Flavors: r-oldrel-macos-arm64, r-oldrel-macos-x86_64
These binaries (installable software) and packages are in development.
They may not be fully stable and should be used with caution. We make no claims about them.