Last updated on 2025-02-16 08:50:49 CET.
Flavor | Version | Tinstall | Tcheck | Ttotal | Status | Flags |
---|---|---|---|---|---|---|
r-devel-linux-x86_64-debian-clang | 3.2.4 | 52.68 | 231.98 | 284.66 | OK | |
r-devel-linux-x86_64-debian-gcc | 3.2.4 | 38.16 | 146.44 | 184.60 | OK | |
r-devel-linux-x86_64-fedora-clang | 3.2.4 | 519.15 | OK | |||
r-devel-linux-x86_64-fedora-gcc | 3.2.4 | 500.04 | OK | |||
r-devel-macos-arm64 | 3.2.4 | 129.00 | OK | |||
r-devel-macos-x86_64 | 3.2.4 | 259.00 | OK | |||
r-devel-windows-x86_64 | 3.2.4 | 60.00 | 272.00 | 332.00 | OK | |
r-patched-linux-x86_64 | 3.2.4 | 53.96 | 220.37 | 274.33 | OK | |
r-release-linux-x86_64 | 3.2.4 | 52.35 | 216.09 | 268.44 | OK | |
r-release-macos-arm64 | 3.2.4 | 119.00 | NOTE | |||
r-release-macos-x86_64 | 3.2.4 | 248.00 | NOTE | |||
r-release-windows-x86_64 | 3.2.4 | 57.00 | 273.00 | 330.00 | OK | |
r-oldrel-macos-arm64 | 3.2.3 | 92.00 | NOTE | |||
r-oldrel-macos-x86_64 | 3.2.4 | 232.00 | NOTE | |||
r-oldrel-windows-x86_64 | 3.2.4 | 75.00 | 352.00 | 427.00 | OK |
Version: 3.2.4
Check: installed package size
Result: NOTE
installed size is 5.7Mb
sub-directories of 1Mb or more:
libs 3.2Mb
Flavors: r-release-macos-arm64, r-release-macos-x86_64, r-oldrel-macos-x86_64
Version: 3.2.3
Check: installed package size
Result: NOTE
installed size is 5.4Mb
sub-directories of 1Mb or more:
libs 3.2Mb
Flavor: r-oldrel-macos-arm64
These binaries (installable software) and packages are in development.
They may not be fully stable and should be used with caution. We make no claims about them.