Last updated on 2025-11-11 15:50:36 CET.
| Flavor | Version | Tinstall | Tcheck | Ttotal | Status | Flags |
|---|---|---|---|---|---|---|
| r-devel-linux-x86_64-debian-clang | 1.1 | 3.75 | 35.94 | 39.69 | OK | |
| r-devel-linux-x86_64-debian-gcc | 1.1 | 3.19 | 28.15 | 31.34 | OK | |
| r-devel-linux-x86_64-fedora-clang | 1.1 | 11.00 | 51.44 | 62.44 | OK | |
| r-devel-linux-x86_64-fedora-gcc | 1.1 | 67.21 | OK | |||
| r-devel-windows-x86_64 | 1.1 | 7.00 | 69.00 | 76.00 | OK | |
| r-patched-linux-x86_64 | 1.1 | 3.71 | 35.74 | 39.45 | OK | |
| r-release-linux-x86_64 | 1.1 | 3.33 | 35.18 | 38.51 | OK | |
| r-release-macos-arm64 | 1.1 | 3.00 | 28.00 | 31.00 | OK | |
| r-release-macos-x86_64 | 1.1 | 7.00 | 67.00 | 74.00 | OK | |
| r-release-windows-x86_64 | 1.1 | 8.00 | 68.00 | 76.00 | OK | |
| r-oldrel-macos-arm64 | 1.1 | 3.00 | 34.00 | 37.00 | OK | |
| r-oldrel-macos-x86_64 | 1.1 | 12.00 | 78.00 | 90.00 | OK | |
| r-oldrel-windows-x86_64 | 1.1 | 10.00 | 78.00 | 88.00 | WARN |
Version: 1.1
Check: whether package can be installed
Result: WARN
Found the following significant warnings:
hann.h:18:1: warning: function declaration isn't a prototype [-Wstrict-prototypes]
common_utils.c:31:8: warning: function declaration isn't a prototype [-Wstrict-prototypes]
See 'd:/Rcompile/CRANpkg/local/4.4/hann.Rcheck/00install.out' for details.
* used C compiler: 'gcc.exe (GCC) 13.3.0'
Flavor: r-oldrel-windows-x86_64
These binaries (installable software) and packages are in development.
They may not be fully stable and should be used with caution. We make no claims about them.