Last updated on 2024-07-27 15:50:20 CEST.
Flavor | Version | Tinstall | Tcheck | Ttotal | Status | Flags |
---|---|---|---|---|---|---|
r-devel-linux-x86_64-debian-clang | 0.8.0 | 14.38 | 122.66 | 137.04 | OK | |
r-devel-linux-x86_64-debian-gcc | 0.8.0 | OK | ||||
r-devel-linux-x86_64-fedora-clang | 0.8.0 | 174.68 | NOTE | |||
r-devel-linux-x86_64-fedora-gcc | 0.8.0 | 172.23 | OK | |||
r-devel-windows-x86_64 | 0.8.0 | 14.00 | 113.00 | 127.00 | OK | |
r-patched-linux-x86_64 | 0.8.0 | OK | ||||
r-release-linux-x86_64 | 0.8.0 | 7.39 | 117.37 | 124.76 | OK | |
r-release-macos-arm64 | 0.8.0 | 54.00 | OK | |||
r-release-macos-x86_64 | 0.8.0 | 122.00 | OK | |||
r-release-windows-x86_64 | 0.8.0 | 11.00 | 111.00 | 122.00 | OK | |
r-oldrel-macos-arm64 | 0.8.0 | 52.00 | OK | |||
r-oldrel-macos-x86_64 | 0.8.0 | 90.00 | OK | |||
r-oldrel-windows-x86_64 | 0.8.0 | 15.00 | 134.00 | 149.00 | OK |
Version: 0.8.0
Check: Rd cross-references
Result: NOTE
Undeclared package ‘mnis’ in Rd xrefs
Flavor: r-devel-linux-x86_64-fedora-clang
These binaries (installable software) and packages are in development.
They may not be fully stable and should be used with caution. We make no claims about them.