Last updated on 2025-07-02 03:50:42 CEST.
Flavor | Version | Tinstall | Tcheck | Ttotal | Status | Flags |
---|---|---|---|---|---|---|
r-devel-linux-x86_64-debian-clang | 1.2.3 | 50.64 | 180.87 | 231.51 | OK | |
r-devel-linux-x86_64-debian-gcc | 1.2.3 | 38.96 | 128.87 | 167.83 | OK | |
r-devel-linux-x86_64-fedora-clang | 1.2.3 | 403.23 | OK | |||
r-devel-linux-x86_64-fedora-gcc | 1.2.3 | 390.27 | OK | |||
r-devel-windows-x86_64 | 1.2.3 | 62.00 | 198.00 | 260.00 | OK | |
r-patched-linux-x86_64 | OK | |||||
r-release-linux-x86_64 | 1.2.3 | 52.71 | 169.26 | 221.97 | OK | |
r-release-macos-arm64 | 1.2.3 | 115.00 | OK | |||
r-release-macos-x86_64 | 1.2.3 | 188.00 | OK | |||
r-release-windows-x86_64 | 1.2.3 | 65.00 | 195.00 | 260.00 | OK | |
r-oldrel-macos-arm64 | 1.2.3 | 111.00 | NOTE | |||
r-oldrel-macos-x86_64 | 1.2.3 | 190.00 | NOTE | |||
r-oldrel-windows-x86_64 | 1.2.3 | 75.00 | 335.00 | 410.00 | NOTE |
Version: 1.2.3
Check: installed package size
Result: NOTE
installed size is 11.7Mb
sub-directories of 1Mb or more:
data 2.9Mb
doc 2.4Mb
libs 6.2Mb
Flavors: r-oldrel-macos-arm64, r-oldrel-macos-x86_64, r-oldrel-windows-x86_64
These binaries (installable software) and packages are in development.
They may not be fully stable and should be used with caution. We make no claims about them.