Last updated on 2025-11-13 01:50:22 CET.
| Flavor | Version | Tinstall | Tcheck | Ttotal | Status | Flags |
|---|---|---|---|---|---|---|
| r-devel-linux-x86_64-debian-clang | 1.2.4 | 51.12 | 204.68 | 255.80 | OK | |
| r-devel-linux-x86_64-debian-gcc | 1.2.4 | 37.87 | 142.14 | 180.01 | OK | |
| r-devel-linux-x86_64-fedora-clang | 1.2.4 | 251.00 | 177.54 | 428.54 | OK | |
| r-devel-linux-x86_64-fedora-gcc | 1.2.4 | 112.00 | 294.94 | 406.94 | OK | |
| r-devel-windows-x86_64 | 1.2.4 | 66.00 | 209.00 | 275.00 | OK | |
| r-patched-linux-x86_64 | 1.2.4 | 54.57 | 196.10 | 250.67 | OK | |
| r-release-linux-x86_64 | 1.2.4 | 51.64 | 195.29 | 246.93 | OK | |
| r-release-macos-arm64 | 1.2.4 | 22.00 | 117.00 | 139.00 | OK | |
| r-release-macos-x86_64 | 1.2.4 | 39.00 | 210.00 | 249.00 | OK | |
| r-release-windows-x86_64 | 1.2.4 | 64.00 | 210.00 | 274.00 | OK | |
| r-oldrel-macos-arm64 | 1.2.4 | 22.00 | 101.00 | 123.00 | NOTE | |
| r-oldrel-macos-x86_64 | 1.2.4 | 42.00 | 210.00 | 252.00 | NOTE | |
| r-oldrel-windows-x86_64 | 1.2.4 | 78.00 | 269.00 | 347.00 | NOTE |
Version: 1.2.4
Check: installed package size
Result: NOTE
installed size is 11.8Mb
sub-directories of 1Mb or more:
data 2.9Mb
doc 2.5Mb
libs 6.3Mb
Flavors: r-oldrel-macos-arm64, r-oldrel-macos-x86_64, r-oldrel-windows-x86_64
These binaries (installable software) and packages are in development.
They may not be fully stable and should be used with caution. We make no claims about them.