CRAN Package Check Results for Package hash

Last updated on 2025-11-13 17:50:36 CET.

Flavor Version Tinstall Tcheck Ttotal Status Flags
r-devel-linux-x86_64-debian-clang 2.2.6.3 1.93 34.65 36.58 NOTE
r-devel-linux-x86_64-debian-gcc 2.2.6.3 1.96 26.12 28.08 NOTE
r-devel-linux-x86_64-fedora-clang 2.2.6.3 56.80 OK
r-devel-linux-x86_64-fedora-gcc 2.2.6.3 49.56 OK
r-devel-windows-x86_64 2.2.6.3 6.00 53.00 59.00 OK
r-patched-linux-x86_64 2.2.6.3 2.59 33.59 36.18 NOTE
r-release-linux-x86_64 2.2.6.3 2.39 32.25 34.64 NOTE
r-release-macos-arm64 2.2.6.3 1.00 21.00 22.00 OK
r-release-macos-x86_64 2.2.6.3 2.00 32.00 34.00 OK
r-release-windows-x86_64 2.2.6.3 3.00 52.00 55.00 OK
r-oldrel-macos-arm64 2.2.6.3 2.00 23.00 25.00 OK
r-oldrel-macos-x86_64 2.2.6.3 2.00 28.00 30.00 OK
r-oldrel-windows-x86_64 2.2.6.3 4.00 61.00 65.00 OK

Check Details

Version: 2.2.6.3
Check: for unstated dependencies in ‘demo’
Result: NOTE 'library' or 'require' call not declared from: ‘rbenchmark’ Flavors: r-devel-linux-x86_64-debian-clang, r-devel-linux-x86_64-debian-gcc, r-patched-linux-x86_64, r-release-linux-x86_64

These binaries (installable software) and packages are in development.
They may not be fully stable and should be used with caution. We make no claims about them.