Last updated on 2025-02-23 07:51:55 CET.
Flavor | Version | Tinstall | Tcheck | Ttotal | Status | Flags |
---|---|---|---|---|---|---|
r-devel-linux-x86_64-debian-clang | 2.2.6.3 | 2.72 | 32.29 | 35.01 | NOTE | |
r-devel-linux-x86_64-debian-gcc | 2.2.6.3 | 1.96 | 24.92 | 26.88 | NOTE | |
r-devel-linux-x86_64-fedora-clang | 2.2.6.3 | 53.83 | OK | |||
r-devel-linux-x86_64-fedora-gcc | 2.2.6.3 | 51.22 | OK | |||
r-devel-macos-arm64 | 2.2.6.3 | 20.00 | OK | |||
r-devel-macos-x86_64 | 2.2.6.3 | 35.00 | OK | |||
r-devel-windows-x86_64 | 2.2.6.3 | 5.00 | 55.00 | 60.00 | OK | |
r-patched-linux-x86_64 | 2.2.6.3 | 2.98 | 29.19 | 32.17 | OK | |
r-release-linux-x86_64 | 2.2.6.3 | 2.51 | 29.72 | 32.23 | OK | |
r-release-macos-arm64 | 2.2.6.3 | 25.00 | OK | |||
r-release-macos-x86_64 | 2.2.6.3 | 30.00 | OK | |||
r-release-windows-x86_64 | 2.2.6.3 | 5.00 | 54.00 | 59.00 | OK | |
r-oldrel-macos-arm64 | 2.2.6.3 | 23.00 | OK | |||
r-oldrel-macos-x86_64 | 2.2.6.3 | 43.00 | OK | |||
r-oldrel-windows-x86_64 | 2.2.6.3 | 5.00 | 58.00 | 63.00 | OK |
Version: 2.2.6.3
Check: for unstated dependencies in ‘demo’
Result: NOTE
'library' or 'require' call not declared from: ‘rbenchmark’
Flavors: r-devel-linux-x86_64-debian-clang, r-devel-linux-x86_64-debian-gcc
These binaries (installable software) and packages are in development.
They may not be fully stable and should be used with caution. We make no claims about them.