CRAN Package Check Results for Package hash

Last updated on 2025-10-03 11:50:46 CEST.

Flavor Version Tinstall Tcheck Ttotal Status Flags
r-devel-linux-x86_64-debian-clang 2.2.6.3 2.23 34.60 36.83 NOTE
r-devel-linux-x86_64-debian-gcc 2.2.6.3 2.20 27.24 29.44 NOTE
r-devel-linux-x86_64-fedora-clang 2.2.6.3 51.41 OK
r-devel-linux-x86_64-fedora-gcc 2.2.6.3 47.23 OK
r-devel-windows-x86_64 2.2.6.3 5.00 54.00 59.00 OK
r-patched-linux-x86_64 2.2.6.3 2.88 32.50 35.38 NOTE
r-release-linux-x86_64 2.2.6.3 2.70 32.89 35.59 NOTE
r-release-macos-arm64 2.2.6.3 22.00 OK
r-release-macos-x86_64 2.2.6.3 34.00 OK
r-release-windows-x86_64 2.2.6.3 5.00 56.00 61.00 OK
r-oldrel-macos-arm64 2.2.6.3 25.00 OK
r-oldrel-macos-x86_64 2.2.6.3 30.00 OK
r-oldrel-windows-x86_64 2.2.6.3 8.00 61.00 69.00 OK

Check Details

Version: 2.2.6.3
Check: for unstated dependencies in ‘demo’
Result: NOTE 'library' or 'require' call not declared from: ‘rbenchmark’ Flavors: r-devel-linux-x86_64-debian-clang, r-devel-linux-x86_64-debian-gcc, r-patched-linux-x86_64, r-release-linux-x86_64

These binaries (installable software) and packages are in development.
They may not be fully stable and should be used with caution. We make no claims about them.