CRAN Package Check Results for Package hashids

Last updated on 2025-02-19 06:50:48 CET.

Flavor Version Tinstall Tcheck Ttotal Status Flags
r-devel-linux-x86_64-debian-clang 0.9.0 1.83 18.88 20.71 OK
r-devel-linux-x86_64-debian-gcc 0.9.0 1.51 15.05 16.56 OK
r-devel-linux-x86_64-fedora-clang 0.9.0 35.29 OK
r-devel-linux-x86_64-fedora-gcc 0.9.0 31.37 OK
r-devel-macos-arm64 0.9.0 15.00 OK
r-devel-macos-x86_64 0.9.0 24.00 OK
r-devel-windows-x86_64 0.9.0 3.00 42.00 45.00 OK
r-patched-linux-x86_64 0.9.0 1.70 17.95 19.65 NOTE
r-release-linux-x86_64 0.9.0 1.90 18.22 20.12 NOTE
r-release-macos-arm64 0.9.0 14.00 NOTE
r-release-macos-x86_64 0.9.0 20.00 NOTE
r-release-windows-x86_64 0.9.0 3.00 47.00 50.00 NOTE
r-oldrel-macos-arm64 0.9.0 15.00 NOTE
r-oldrel-macos-x86_64 0.9.0 20.00 NOTE
r-oldrel-windows-x86_64 0.9.0 3.00 42.00 45.00 NOTE

Check Details

Version: 0.9.0
Check: LazyData
Result: NOTE 'LazyData' is specified without a 'data' directory Flavors: r-patched-linux-x86_64, r-release-linux-x86_64, r-release-macos-arm64, r-release-macos-x86_64, r-release-windows-x86_64, r-oldrel-macos-arm64, r-oldrel-macos-x86_64, r-oldrel-windows-x86_64

These binaries (installable software) and packages are in development.
They may not be fully stable and should be used with caution. We make no claims about them.