CRAN Package Check Results for Package hashids

Last updated on 2025-10-09 21:50:19 CEST.

Flavor Version Tinstall Tcheck Ttotal Status Flags
r-devel-linux-x86_64-debian-clang 0.9.0 2.02 21.36 23.38 OK
r-devel-linux-x86_64-debian-gcc 0.9.0 1.46 17.06 18.52 OK
r-devel-linux-x86_64-fedora-clang 0.9.0 34.42 OK
r-devel-linux-x86_64-fedora-gcc 0.9.0 29.81 OK
r-devel-windows-x86_64 0.9.0 3.00 40.00 43.00 OK
r-patched-linux-x86_64 0.9.0 2.06 19.75 21.81 OK
r-release-linux-x86_64 0.9.0 1.86 19.73 21.59 OK
r-release-macos-arm64 0.9.0 15.00 OK
r-release-macos-x86_64 0.9.0 24.00 OK
r-release-windows-x86_64 0.9.0 3.00 42.00 45.00 OK
r-oldrel-macos-arm64 0.9.0 14.00 NOTE
r-oldrel-macos-x86_64 0.9.0 20.00 NOTE
r-oldrel-windows-x86_64 0.9.0 4.00 45.00 49.00 NOTE

Check Details

Version: 0.9.0
Check: LazyData
Result: NOTE 'LazyData' is specified without a 'data' directory Flavors: r-oldrel-macos-arm64, r-oldrel-macos-x86_64, r-oldrel-windows-x86_64

These binaries (installable software) and packages are in development.
They may not be fully stable and should be used with caution. We make no claims about them.