CRAN Package Check Results for Package hatchR

Last updated on 2025-07-25 01:49:29 CEST.

Flavor Version Tinstall Tcheck Ttotal Status Flags
r-devel-linux-x86_64-debian-clang 0.3.2 5.10 166.27 171.37 OK
r-devel-linux-x86_64-debian-gcc 0.3.2 3.42 118.15 121.57 OK
r-devel-linux-x86_64-fedora-clang 0.3.2 250.41 OK
r-devel-linux-x86_64-fedora-gcc 0.3.2 248.68 OK
r-devel-windows-x86_64 0.3.2 8.00 178.00 186.00 OK
r-patched-linux-x86_64 0.3.2 5.13 156.73 161.86 OK
r-release-linux-x86_64 0.3.2 4.50 157.14 161.64 OK
r-release-macos-arm64 0.3.2 104.00 OK
r-release-macos-x86_64 0.3.2 172.00 OK
r-release-windows-x86_64 0.3.2 7.00 166.00 173.00 OK
r-oldrel-macos-arm64 0.3.2 90.00 OK
r-oldrel-macos-x86_64 0.3.2 148.00 NOTE
r-oldrel-windows-x86_64 0.3.2 8.00 220.00 228.00 OK

Check Details

Version: 0.3.2
Check: installed package size
Result: NOTE installed size is 5.6Mb sub-directories of 1Mb or more: data 3.5Mb doc 1.9Mb Flavor: r-oldrel-macos-x86_64

These binaries (installable software) and packages are in development.
They may not be fully stable and should be used with caution. We make no claims about them.