Last updated on 2025-05-21 23:48:44 CEST.
Flavor | Version | Tinstall | Tcheck | Ttotal | Status | Flags |
---|---|---|---|---|---|---|
r-devel-linux-x86_64-debian-clang | 0.3.2 | 5.25 | 169.14 | 174.39 | OK | |
r-devel-linux-x86_64-debian-gcc | 0.3.2 | 3.38 | 120.67 | 124.05 | OK | |
r-devel-linux-x86_64-fedora-clang | 0.3.2 | 266.92 | OK | |||
r-devel-linux-x86_64-fedora-gcc | 0.3.2 | 285.03 | OK | |||
r-devel-windows-x86_64 | 0.3.2 | 7.00 | 182.00 | 189.00 | OK | |
r-patched-linux-x86_64 | 0.3.2 | 5.50 | 157.86 | 163.36 | OK | |
r-release-linux-x86_64 | 0.3.2 | 3.99 | 160.57 | 164.56 | OK | |
r-release-macos-arm64 | 0.3.2 | 104.00 | OK | |||
r-release-macos-x86_64 | 0.3.2 | 172.00 | OK | |||
r-release-windows-x86_64 | 0.3.2 | 7.00 | 171.00 | 178.00 | OK | |
r-oldrel-macos-arm64 | 0.3.2 | 90.00 | OK | |||
r-oldrel-macos-x86_64 | 0.3.2 | 148.00 | NOTE | |||
r-oldrel-windows-x86_64 | 0.3.2 | 9.00 | 219.00 | 228.00 | OK |
Version: 0.3.2
Check: installed package size
Result: NOTE
installed size is 5.6Mb
sub-directories of 1Mb or more:
data 3.5Mb
doc 1.9Mb
Flavor: r-oldrel-macos-x86_64
These binaries (installable software) and packages are in development.
They may not be fully stable and should be used with caution. We make no claims about them.