Last updated on 2025-02-16 08:50:49 CET.
Flavor | Version | Tinstall | Tcheck | Ttotal | Status | Flags |
---|---|---|---|---|---|---|
r-devel-linux-x86_64-debian-clang | 2.5.4 | 29.69 | 57.37 | 87.06 | OK | |
r-devel-linux-x86_64-debian-gcc | 2.5.4 | 24.70 | 42.14 | 66.84 | OK | |
r-devel-linux-x86_64-fedora-clang | 2.5.4 | 150.55 | OK | |||
r-devel-linux-x86_64-fedora-gcc | 2.5.4 | 167.33 | OK | |||
r-devel-macos-arm64 | 2.5.4 | 65.00 | OK | |||
r-devel-macos-x86_64 | 2.5.4 | 90.00 | OK | |||
r-devel-windows-x86_64 | 2.5.4 | 65.00 | 99.00 | 164.00 | OK | |
r-patched-linux-x86_64 | 2.5.4 | 32.93 | 54.82 | 87.75 | NOTE | |
r-release-linux-x86_64 | 2.5.4 | 34.28 | 53.41 | 87.69 | NOTE | |
r-release-macos-arm64 | 2.5.4 | 59.00 | NOTE | |||
r-release-macos-x86_64 | 2.5.4 | 71.00 | NOTE | |||
r-release-windows-x86_64 | 2.5.4 | 68.00 | 111.00 | 179.00 | NOTE | |
r-oldrel-macos-arm64 | 2.5.4 | 56.00 | NOTE | |||
r-oldrel-macos-x86_64 | 2.5.4 | 100.00 | NOTE | |||
r-oldrel-windows-x86_64 | 2.5.4 | 71.00 | 114.00 | 185.00 | NOTE |
Version: 2.5.4
Check: for GNU extensions in Makefiles
Result: NOTE
GNU make is a SystemRequirements.
Flavors: r-patched-linux-x86_64, r-release-linux-x86_64, r-release-macos-arm64, r-release-macos-x86_64, r-release-windows-x86_64, r-oldrel-macos-arm64, r-oldrel-macos-x86_64, r-oldrel-windows-x86_64
These binaries (installable software) and packages are in development.
They may not be fully stable and should be used with caution. We make no claims about them.