Last updated on 2024-07-27 15:50:20 CEST.
Flavor | Version | Tinstall | Tcheck | Ttotal | Status | Flags |
---|---|---|---|---|---|---|
r-devel-linux-x86_64-debian-clang | 2.5.4 | 42.15 | 74.12 | 116.27 | NOTE | |
r-devel-linux-x86_64-debian-gcc | 2.5.4 | NOTE | ||||
r-devel-linux-x86_64-fedora-clang | 2.5.4 | 148.75 | NOTE | |||
r-devel-linux-x86_64-fedora-gcc | 2.5.4 | 163.68 | NOTE | |||
r-devel-windows-x86_64 | 2.5.4 | 66.00 | 94.00 | 160.00 | NOTE | |
r-patched-linux-x86_64 | 2.5.4 | NOTE | ||||
r-release-linux-x86_64 | 2.5.4 | 25.28 | 71.29 | 96.57 | NOTE | |
r-release-macos-arm64 | 2.5.4 | 59.00 | NOTE | |||
r-release-macos-x86_64 | 2.5.4 | 71.00 | NOTE | |||
r-release-windows-x86_64 | 2.5.4 | 60.00 | 97.00 | 157.00 | NOTE | |
r-oldrel-macos-arm64 | 2.5.4 | 56.00 | NOTE | |||
r-oldrel-macos-x86_64 | 2.5.4 | 100.00 | NOTE | |||
r-oldrel-windows-x86_64 | 2.5.4 | 76.00 | 114.00 | 190.00 | NOTE |
Version: 2.5.4
Check: for GNU extensions in Makefiles
Result: NOTE
GNU make is a SystemRequirements.
Flavors: r-devel-linux-x86_64-debian-clang, r-devel-linux-x86_64-debian-gcc, r-devel-linux-x86_64-fedora-clang, r-devel-linux-x86_64-fedora-gcc, r-devel-windows-x86_64, r-patched-linux-x86_64, r-release-linux-x86_64, r-release-macos-arm64, r-release-macos-x86_64, r-release-windows-x86_64, r-oldrel-macos-arm64, r-oldrel-macos-x86_64, r-oldrel-windows-x86_64
Version: 2.5.4
Check: compiled code
Result: NOTE
File ‘haven/libs/haven.so’:
Found non-API calls to R: ‘SETLENGTH’, ‘SET_GROWABLE_BIT’,
‘SET_TRUELENGTH’
Compiled code should not call non-API entry points in R.
See ‘Writing portable packages’ in the ‘Writing R Extensions’ manual,
and section ‘Moving into C API compliance’ for issues with the use of
non-API entry points.
Flavors: r-devel-linux-x86_64-debian-clang, r-devel-linux-x86_64-debian-gcc, r-devel-linux-x86_64-fedora-clang, r-devel-linux-x86_64-fedora-gcc
Version: 2.5.4
Check: Rd cross-references
Result: NOTE
Undeclared package ‘dplyr’ in Rd xrefs
Flavor: r-devel-linux-x86_64-fedora-clang
Version: 2.5.4
Check: compiled code
Result: NOTE
File 'haven/libs/x64/haven.dll':
Found non-API calls to R: 'SETLENGTH', 'SET_GROWABLE_BIT',
'SET_TRUELENGTH'
Compiled code should not call non-API entry points in R.
See 'Writing portable packages' in the 'Writing R Extensions' manual,
and section 'Moving into C API compliance' for issues with the use of
non-API entry points.
Flavor: r-devel-windows-x86_64
These binaries (installable software) and packages are in development.
They may not be fully stable and should be used with caution. We make no claims about them.