Last updated on 2025-11-11 15:50:36 CET.
| Flavor | Version | Tinstall | Tcheck | Ttotal | Status | Flags |
|---|---|---|---|---|---|---|
| r-devel-linux-x86_64-debian-clang | 2.5.5 | 29.60 | 60.99 | 90.59 | OK | |
| r-devel-linux-x86_64-debian-gcc | 2.5.5 | 24.06 | 43.48 | 67.54 | OK | |
| r-devel-linux-x86_64-fedora-clang | 2.5.5 | 123.00 | 27.50 | 150.50 | OK | |
| r-devel-linux-x86_64-fedora-gcc | 2.5.5 | 81.00 | 80.34 | 161.34 | OK | |
| r-devel-windows-x86_64 | 2.5.5 | 62.00 | 94.00 | 156.00 | OK | |
| r-patched-linux-x86_64 | 2.5.5 | 33.83 | 56.48 | 90.31 | OK | |
| r-release-linux-x86_64 | 2.5.5 | 32.06 | 57.21 | 89.27 | OK | |
| r-release-macos-arm64 | 2.5.5 | 15.00 | 38.00 | 53.00 | OK | |
| r-release-macos-x86_64 | 2.5.5 | 18.00 | 76.00 | 94.00 | OK | |
| r-release-windows-x86_64 | 2.5.5 | 69.00 | 93.00 | 162.00 | OK | |
| r-oldrel-macos-arm64 | 2.5.5 | 13.00 | 44.00 | 57.00 | NOTE | |
| r-oldrel-macos-x86_64 | 2.5.5 | 15.00 | 67.00 | 82.00 | NOTE | |
| r-oldrel-windows-x86_64 | 2.5.5 | 81.00 | 122.00 | 203.00 | NOTE |
Version: 2.5.5
Check: for GNU extensions in Makefiles
Result: NOTE
GNU make is a SystemRequirements.
Flavors: r-oldrel-macos-arm64, r-oldrel-macos-x86_64, r-oldrel-windows-x86_64
These binaries (installable software) and packages are in development.
They may not be fully stable and should be used with caution. We make no claims about them.