CRAN Package Check Results for Package hawkes

Last updated on 2025-07-21 19:49:45 CEST.

Flavor Version Tinstall Tcheck Ttotal Status Flags
r-devel-linux-x86_64-debian-clang 0.0-4 25.90 21.99 47.89 NOTE
r-devel-linux-x86_64-debian-gcc 0.0-4 18.00 18.10 36.10 NOTE
r-devel-linux-x86_64-fedora-clang 0.0-4 80.55 NOTE
r-devel-linux-x86_64-fedora-gcc 0.0-4 76.88 NOTE
r-devel-windows-x86_64 0.0-4 31.00 57.00 88.00 OK
r-patched-linux-x86_64 0.0-4 26.01 21.27 47.28 OK
r-release-linux-x86_64 0.0-4 25.81 21.11 46.92 OK
r-release-macos-arm64 0.0-4 26.00 OK
r-release-macos-x86_64 0.0-4 52.00 OK
r-release-windows-x86_64 0.0-4 29.00 61.00 90.00 OK
r-oldrel-macos-arm64 0.0-4 24.00 OK
r-oldrel-macos-x86_64 0.0-4 34.00 OK
r-oldrel-windows-x86_64 0.0-4 35.00 72.00 107.00 OK

Check Details

Version: 0.0-4
Check: CRAN incoming feasibility
Result: NOTE Maintainer: ‘Riadh Zaatour <zaatour_riadh@yahoo.fr>’ No Authors@R field in DESCRIPTION. Please add one, modifying Authors@R: person(given = "Riadh", family = "Zaatour", role = c("aut", "cre"), email = "zaatour_riadh@yahoo.fr") as necessary. Flavors: r-devel-linux-x86_64-debian-clang, r-devel-linux-x86_64-debian-gcc

Version: 0.0-4
Check: compiled code
Result: NOTE File ‘hawkes/libs/hawkes.so’: Found no calls to: ‘R_registerRoutines’, ‘R_useDynamicSymbols’ It is good practice to register native routines and to disable symbol search. See ‘Writing portable packages’ in the ‘Writing R Extensions’ manual. Flavors: r-devel-linux-x86_64-fedora-clang, r-devel-linux-x86_64-fedora-gcc

These binaries (installable software) and packages are in development.
They may not be fully stable and should be used with caution. We make no claims about them.