Last updated on 2025-11-14 09:50:04 CET.
| Flavor | Version | Tinstall | Tcheck | Ttotal | Status | Flags |
|---|---|---|---|---|---|---|
| r-devel-linux-x86_64-debian-clang | 1.0.3 | 98.14 | 87.79 | 185.93 | NOTE | |
| r-devel-linux-x86_64-debian-gcc | 1.0.3 | 63.24 | 57.34 | 120.58 | NOTE | |
| r-devel-linux-x86_64-fedora-clang | 1.0.3 | 249.00 | 112.82 | 361.82 | OK | |
| r-devel-linux-x86_64-fedora-gcc | 1.0.3 | 127.00 | 212.70 | 339.70 | OK | |
| r-devel-windows-x86_64 | 1.0.3 | 108.00 | 124.00 | 232.00 | OK | |
| r-patched-linux-x86_64 | 1.0.3 | 101.76 | 82.48 | 184.24 | OK | |
| r-release-linux-x86_64 | 1.0.3 | 99.33 | 83.26 | 182.59 | OK | |
| r-release-macos-arm64 | 1.0.3 | 45.00 | 67.00 | 112.00 | OK | |
| r-release-macos-x86_64 | 1.0.3 | 39.00 | 84.00 | 123.00 | OK | |
| r-release-windows-x86_64 | 1.0.3 | 110.00 | 127.00 | 237.00 | OK | |
| r-oldrel-macos-arm64 | 1.0.3 | 39.00 | 44.00 | 83.00 | NOTE | |
| r-oldrel-macos-x86_64 | 1.0.3 | 31.00 | 65.00 | 96.00 | NOTE | |
| r-oldrel-windows-x86_64 | 1.0.3 | 136.00 | 151.00 | 287.00 | OK |
Version: 1.0.3
Check: CRAN incoming feasibility
Result: NOTE
Maintainer: ‘Felix Cheysson <felix@cheysson.fr>’
The Description field contains
<arXiv:2003.04314>. Some general use functions for Hawkes processes are
Please refer to arXiv e-prints via their arXiv DOI <doi:10.48550/arXiv.YYMM.NNNNN>.
Flavors: r-devel-linux-x86_64-debian-clang, r-devel-linux-x86_64-debian-gcc
Version: 1.0.3
Check: installed package size
Result: NOTE
installed size is 11.9Mb
sub-directories of 1Mb or more:
libs 11.4Mb
Flavors: r-oldrel-macos-arm64, r-oldrel-macos-x86_64
These binaries (installable software) and packages are in development.
They may not be fully stable and should be used with caution. We make no claims about them.