CRAN Package Check Results for Package hbal

Last updated on 2025-11-12 23:50:46 CET.

Flavor Version Tinstall Tcheck Ttotal Status Flags
r-devel-linux-x86_64-debian-clang 1.2.15 32.37 108.27 140.64 OK
r-devel-linux-x86_64-debian-gcc 1.2.15 23.87 77.64 101.51 OK
r-devel-linux-x86_64-fedora-clang 1.2.15 119.00 114.01 233.01 OK
r-devel-linux-x86_64-fedora-gcc 1.2.15 85.00 133.88 218.88 OK
r-devel-windows-x86_64 1.2.15 40.00 118.00 158.00 OK
r-patched-linux-x86_64 1.2.15 35.35 102.35 137.70 OK
r-release-linux-x86_64 1.2.15 34.89 101.16 136.05 OK
r-release-macos-arm64 1.2.15 17.00 40.00 57.00 OK
r-release-macos-x86_64 1.2.15 35.00 86.00 121.00 OK
r-release-windows-x86_64 1.2.15 38.00 112.00 150.00 OK
r-oldrel-macos-arm64 1.2.15 15.00 47.00 62.00 NOTE
r-oldrel-macos-x86_64 1.2.15 33.00 85.00 118.00 NOTE
r-oldrel-windows-x86_64 1.2.15 47.00 148.00 195.00 OK

Check Details

Version: 1.2.15
Check: installed package size
Result: NOTE installed size is 9.6Mb sub-directories of 1Mb or more: libs 9.3Mb Flavors: r-oldrel-macos-arm64, r-oldrel-macos-x86_64

These binaries (installable software) and packages are in development.
They may not be fully stable and should be used with caution. We make no claims about them.