CRAN Package Check Results for Package hbamr

Last updated on 2025-07-26 03:49:52 CEST.

Flavor Version Tinstall Tcheck Ttotal Status Flags
r-devel-linux-x86_64-debian-clang 2.4.2 241.91 127.20 369.11 OK
r-devel-linux-x86_64-debian-gcc 2.4.2 179.84 103.06 282.90 OK
r-devel-linux-x86_64-fedora-clang 2.4.2 499.86 OK
r-devel-linux-x86_64-fedora-gcc 2.4.2 631.06 OK
r-devel-windows-x86_64 2.4.2 204.00 152.00 356.00 OK
r-patched-linux-x86_64 2.4.2 244.59 133.28 377.87 OK
r-release-linux-x86_64 2.4.2 238.16 134.24 372.40 OK
r-release-macos-arm64 2.4.2 173.00 OK
r-release-macos-x86_64 2.4.2 269.00 OK
r-release-windows-x86_64 2.4.2 203.00 158.00 361.00 OK
r-oldrel-macos-arm64 2.4.2 233.00 NOTE
r-oldrel-macos-x86_64 2.4.2 274.00 NOTE
r-oldrel-windows-x86_64 2.4.2 242.00 195.00 437.00 NOTE

Check Details

Version: 2.4.2
Check: installed package size
Result: NOTE installed size is 85.3Mb sub-directories of 1Mb or more: libs 83.9Mb Flavors: r-oldrel-macos-arm64, r-oldrel-macos-x86_64

Version: 2.4.2
Check: for GNU extensions in Makefiles
Result: NOTE GNU make is a SystemRequirements. Flavors: r-oldrel-macos-arm64, r-oldrel-macos-x86_64, r-oldrel-windows-x86_64

These binaries (installable software) and packages are in development.
They may not be fully stable and should be used with caution. We make no claims about them.