CRAN Package Check Results for Package hbamr

Last updated on 2025-05-08 04:52:07 CEST.

Flavor Version Tinstall Tcheck Ttotal Status Flags
r-devel-linux-x86_64-debian-clang 2.4.2 236.74 128.34 365.08 OK
r-devel-linux-x86_64-debian-gcc 2.4.2 195.80 103.31 299.11 OK
r-devel-linux-x86_64-fedora-clang 2.4.2 518.23 OK
r-devel-linux-x86_64-fedora-gcc 2.4.2 703.02 OK
r-devel-windows-x86_64 2.4.2 210.00 156.00 366.00 OK
r-patched-linux-x86_64 2.4.2 221.56 133.26 354.82 OK
r-release-linux-x86_64 2.4.2 223.95 131.09 355.04 OK
r-release-macos-arm64 2.4.2 173.00 OK
r-release-macos-x86_64 2.4.2 269.00 OK
r-release-windows-x86_64 2.4.2 202.00 156.00 358.00 OK
r-oldrel-macos-arm64 2.4.2 233.00 NOTE
r-oldrel-macos-x86_64 2.4.2 274.00 NOTE
r-oldrel-windows-x86_64 2.4.2 240.00 187.00 427.00 NOTE

Check Details

Version: 2.4.2
Check: installed package size
Result: NOTE installed size is 85.3Mb sub-directories of 1Mb or more: libs 83.9Mb Flavors: r-oldrel-macos-arm64, r-oldrel-macos-x86_64

Version: 2.4.2
Check: for GNU extensions in Makefiles
Result: NOTE GNU make is a SystemRequirements. Flavors: r-oldrel-macos-arm64, r-oldrel-macos-x86_64, r-oldrel-windows-x86_64

These binaries (installable software) and packages are in development.
They may not be fully stable and should be used with caution. We make no claims about them.