Last updated on 2025-11-12 12:53:12 CET.
| Flavor | Version | Tinstall | Tcheck | Ttotal | Status | Flags |
|---|---|---|---|---|---|---|
| r-devel-linux-x86_64-debian-clang | 2.4.4 | 239.16 | 142.41 | 381.57 | OK | |
| r-devel-linux-x86_64-debian-gcc | 2.4.4 | 183.99 | 109.90 | 293.89 | OK | |
| r-devel-linux-x86_64-fedora-clang | 2.4.4 | 1380.00 | -794.16 | 585.84 | OK | |
| r-devel-linux-x86_64-fedora-gcc | 2.4.4 | 558.00 | 64.30 | 622.30 | OK | |
| r-devel-windows-x86_64 | 2.4.4 | 205.00 | 160.00 | 365.00 | OK | |
| r-patched-linux-x86_64 | 2.4.4 | 241.38 | 147.44 | 388.82 | OK | |
| r-release-linux-x86_64 | 2.4.4 | 243.05 | 148.81 | 391.86 | OK | |
| r-release-macos-arm64 | 2.4.4 | 112.00 | 58.00 | 170.00 | OK | |
| r-release-macos-x86_64 | 2.4.4 | 194.00 | 115.00 | 309.00 | OK | |
| r-release-windows-x86_64 | 2.4.4 | 202.00 | 156.00 | 358.00 | OK | |
| r-oldrel-macos-arm64 | 2.4.4 | 129.00 | 65.00 | 194.00 | NOTE | |
| r-oldrel-macos-x86_64 | 2.4.4 | 197.00 | 125.00 | 322.00 | NOTE | |
| r-oldrel-windows-x86_64 | 2.4.4 | 240.00 | 206.00 | 446.00 | NOTE |
Version: 2.4.4
Check: installed package size
Result: NOTE
installed size is 85.3Mb
sub-directories of 1Mb or more:
libs 83.9Mb
Flavors: r-oldrel-macos-arm64, r-oldrel-macos-x86_64
Version: 2.4.4
Check: for GNU extensions in Makefiles
Result: NOTE
GNU make is a SystemRequirements.
Flavors: r-oldrel-macos-arm64, r-oldrel-macos-x86_64, r-oldrel-windows-x86_64
These binaries (installable software) and packages are in development.
They may not be fully stable and should be used with caution. We make no claims about them.