CRAN Package Check Results for Package hbmem

Last updated on 2025-05-01 14:49:12 CEST.

Flavor Version Tinstall Tcheck Ttotal Status Flags
r-devel-linux-x86_64-debian-clang 0.3-4 10.13 50.90 61.03 NOTE
r-devel-linux-x86_64-debian-gcc 0.3-4 7.25 34.67 41.92 NOTE
r-devel-linux-x86_64-fedora-clang 0.3-4 96.58 OK
r-devel-linux-x86_64-fedora-gcc 0.3-4 94.98 OK
r-devel-windows-x86_64 0.3-4 15.00 70.00 85.00 OK
r-patched-linux-x86_64 0.3-4 10.65 49.24 59.89 OK
r-release-linux-x86_64 OK
r-release-macos-arm64 0.3-4 28.00 OK
r-release-macos-x86_64 0.3-4 56.00 OK
r-release-windows-x86_64 0.3-4 13.00 73.00 86.00 OK
r-oldrel-macos-arm64 0.3-4 30.00 OK
r-oldrel-macos-x86_64 0.3-4 42.00 OK
r-oldrel-windows-x86_64 0.3-4 13.00 68.00 81.00 OK

Check Details

Version: 0.3-4
Check: CRAN incoming feasibility
Result: NOTE Maintainer: ‘Mike Pratte <prattems@gmail.com>’ No Authors@R field in DESCRIPTION. Please add one, modifying Authors@R: c(person(given = c("Michael", "S."), family = "Pratte", role = "aut"), person(given = "Mike", family = "Pratte", role = "cre", email = "prattems@gmail.com")) as necessary. Flavors: r-devel-linux-x86_64-debian-clang, r-devel-linux-x86_64-debian-gcc

These binaries (installable software) and packages are in development.
They may not be fully stable and should be used with caution. We make no claims about them.