Last updated on 2025-07-25 17:49:57 CEST.
Flavor | Version | Tinstall | Tcheck | Ttotal | Status | Flags |
---|---|---|---|---|---|---|
r-devel-linux-x86_64-debian-clang | 0.3-4 | 10.66 | 50.99 | 61.65 | NOTE | |
r-devel-linux-x86_64-debian-gcc | 0.3-4 | 7.60 | 34.19 | 41.79 | NOTE | |
r-devel-linux-x86_64-fedora-clang | 0.3-4 | 92.19 | OK | |||
r-devel-linux-x86_64-fedora-gcc | 0.3-4 | 89.69 | OK | |||
r-devel-windows-x86_64 | 0.3-4 | 13.00 | 69.00 | 82.00 | OK | |
r-patched-linux-x86_64 | 0.3-4 | 10.68 | 48.06 | 58.74 | OK | |
r-release-linux-x86_64 | 0.3-4 | 10.05 | 48.36 | 58.41 | OK | |
r-release-macos-arm64 | 0.3-4 | 28.00 | OK | |||
r-release-macos-x86_64 | 0.3-4 | 56.00 | OK | |||
r-release-windows-x86_64 | 0.3-4 | 13.00 | 73.00 | 86.00 | OK | |
r-oldrel-macos-arm64 | 0.3-4 | 30.00 | OK | |||
r-oldrel-macos-x86_64 | 0.3-4 | 42.00 | OK | |||
r-oldrel-windows-x86_64 | 0.3-4 | 13.00 | 68.00 | 81.00 | OK |
Version: 0.3-4
Check: CRAN incoming feasibility
Result: NOTE
Maintainer: ‘Mike Pratte <prattems@gmail.com>’
No Authors@R field in DESCRIPTION.
Please add one, modifying
Authors@R: c(person(given = c("Michael", "S."),
family = "Pratte",
role = "aut"),
person(given = "Mike",
family = "Pratte",
role = "cre",
email = "prattems@gmail.com"))
as necessary.
Flavors: r-devel-linux-x86_64-debian-clang, r-devel-linux-x86_64-debian-gcc
These binaries (installable software) and packages are in development.
They may not be fully stable and should be used with caution. We make no claims about them.