Last updated on 2025-02-21 15:51:51 CET.
Flavor | Version | Tinstall | Tcheck | Ttotal | Status | Flags |
---|---|---|---|---|---|---|
r-devel-linux-x86_64-debian-clang | 0.6.7 | 3.59 | 51.85 | 55.44 | OK | |
r-devel-linux-x86_64-debian-gcc | 0.6.7 | 2.71 | 37.78 | 40.49 | OK | |
r-devel-linux-x86_64-fedora-clang | 0.6.7 | 91.92 | OK | |||
r-devel-linux-x86_64-fedora-gcc | 0.6.7 | 102.82 | OK | |||
r-devel-macos-arm64 | 0.6.7 | 39.00 | OK | |||
r-devel-macos-x86_64 | 0.6.7 | 79.00 | OK | |||
r-devel-windows-x86_64 | 0.6.7 | 5.00 | 84.00 | 89.00 | OK | |
r-patched-linux-x86_64 | 0.6.7 | 4.29 | 49.54 | 53.83 | OK | |
r-release-linux-x86_64 | 0.6.7 | 3.80 | 49.51 | 53.31 | OK | |
r-release-macos-arm64 | 0.6.7 | 55.00 | NOTE | |||
r-release-macos-x86_64 | 0.6.7 | 83.00 | NOTE | |||
r-release-windows-x86_64 | 0.6.7 | 6.00 | 82.00 | 88.00 | NOTE | |
r-oldrel-macos-arm64 | 0.6.7 | 59.00 | NOTE | |||
r-oldrel-macos-x86_64 | 0.6.7 | 79.00 | NOTE | |||
r-oldrel-windows-x86_64 | 0.6.7 | 7.00 | 112.00 | 119.00 | NOTE |
Version: 0.6.7
Check: installed package size
Result: NOTE
installed size is 5.8Mb
sub-directories of 1Mb or more:
doc 5.2Mb
Flavors: r-release-macos-arm64, r-release-macos-x86_64, r-release-windows-x86_64, r-oldrel-macos-arm64, r-oldrel-macos-x86_64, r-oldrel-windows-x86_64
These binaries (installable software) and packages are in development.
They may not be fully stable and should be used with caution. We make no claims about them.