CRAN Package Check Results for Package hctrial

Last updated on 2025-11-11 15:50:36 CET.

Flavor Version Tinstall Tcheck Ttotal Status Flags
r-devel-linux-x86_64-debian-clang 0.1.0 1.76 27.20 28.96 OK
r-devel-linux-x86_64-debian-gcc 0.1.0 1.65 19.96 21.61 OK
r-devel-linux-x86_64-fedora-clang 0.1.0 10.00 35.78 45.78 OK
r-devel-linux-x86_64-fedora-gcc 0.1.0 37.63 OK
r-devel-windows-x86_64 0.1.0 3.00 44.00 47.00 OK
r-patched-linux-x86_64 0.1.0 1.99 24.89 26.88 OK
r-release-linux-x86_64 0.1.0 2.07 25.54 27.61 OK
r-release-macos-arm64 0.1.0 1.00 17.00 18.00 OK
r-release-macos-x86_64 0.1.0 2.00 26.00 28.00 OK
r-release-windows-x86_64 0.1.0 3.00 42.00 45.00 OK
r-oldrel-macos-arm64 0.1.0 1.00 15.00 16.00 NOTE
r-oldrel-macos-x86_64 0.1.0 2.00 26.00 28.00 NOTE
r-oldrel-windows-x86_64 0.1.0 3.00 48.00 51.00 NOTE

Check Details

Version: 0.1.0
Check: LazyData
Result: NOTE 'LazyData' is specified without a 'data' directory Flavors: r-oldrel-macos-arm64, r-oldrel-macos-x86_64, r-oldrel-windows-x86_64

These binaries (installable software) and packages are in development.
They may not be fully stable and should be used with caution. We make no claims about them.