Last updated on 2024-07-27 15:50:20 CEST.
Flavor | Version | Tinstall | Tcheck | Ttotal | Status | Flags |
---|---|---|---|---|---|---|
r-devel-linux-x86_64-debian-clang | 0.9.0 | 29.85 | 47.37 | 77.22 | NOTE | |
r-devel-linux-x86_64-debian-gcc | 0.9.0 | NOTE | ||||
r-devel-linux-x86_64-fedora-clang | 0.9.0 | 119.59 | NOTE | |||
r-devel-linux-x86_64-fedora-gcc | 0.9.0 | 122.18 | NOTE | |||
r-devel-windows-x86_64 | 0.9.0 | 24.00 | 79.00 | 103.00 | NOTE | |
r-patched-linux-x86_64 | 0.9.0 | NOTE | ||||
r-release-linux-x86_64 | 0.9.0 | 24.06 | 45.70 | 69.76 | NOTE | |
r-release-macos-arm64 | 0.9.0 | 49.00 | NOTE | |||
r-release-macos-x86_64 | 0.9.0 | 66.00 | NOTE | |||
r-release-windows-x86_64 | 0.9.0 | 30.00 | 78.00 | 108.00 | NOTE | |
r-oldrel-macos-arm64 | 0.9.0 | 46.00 | NOTE | |||
r-oldrel-macos-x86_64 | 0.9.0 | 69.00 | NOTE | |||
r-oldrel-windows-x86_64 | 0.9.0 | 29.00 | 83.00 | 112.00 | NOTE |
Version: 0.9.0
Check: C++ specification
Result: NOTE
Specified C++11: please drop specification unless essential
Flavors: r-devel-linux-x86_64-debian-clang, r-devel-linux-x86_64-debian-gcc, r-devel-linux-x86_64-fedora-clang, r-devel-linux-x86_64-fedora-gcc, r-devel-windows-x86_64, r-patched-linux-x86_64, r-release-linux-x86_64, r-release-macos-arm64, r-release-macos-x86_64, r-release-windows-x86_64, r-oldrel-macos-arm64, r-oldrel-macos-x86_64, r-oldrel-windows-x86_64
These binaries (installable software) and packages are in development.
They may not be fully stable and should be used with caution. We make no claims about them.