Last updated on 2025-02-16 08:50:49 CET.
Flavor | Version | Tinstall | Tcheck | Ttotal | Status | Flags |
---|---|---|---|---|---|---|
r-devel-linux-x86_64-debian-clang | 0.0.1 | 17.39 | 234.59 | 251.98 | NOTE | |
r-devel-linux-x86_64-debian-gcc | 0.0.1 | 11.19 | 140.62 | 151.81 | NOTE | |
r-devel-linux-x86_64-fedora-clang | 0.0.1 | 381.30 | OK | |||
r-devel-linux-x86_64-fedora-gcc | 0.0.1 | 381.27 | OK | |||
r-devel-macos-arm64 | 0.0.1 | 102.00 | OK | |||
r-devel-macos-x86_64 | 0.0.1 | 200.00 | OK | |||
r-devel-windows-x86_64 | 0.0.1 | 18.00 | 214.00 | 232.00 | NOTE | |
r-patched-linux-x86_64 | 0.0.1 | 15.21 | 213.97 | 229.18 | OK | |
r-release-linux-x86_64 | 0.0.1 | 15.69 | 214.69 | 230.38 | OK | |
r-release-macos-arm64 | 0.0.1 | 77.00 | OK | |||
r-release-macos-x86_64 | 0.0.1 | 153.00 | OK | |||
r-release-windows-x86_64 | 0.0.1 | 18.00 | 219.00 | 237.00 | OK | |
r-oldrel-macos-arm64 | 0.0.1 | 90.00 | OK | |||
r-oldrel-macos-x86_64 | 0.0.1 | 170.00 | OK | |||
r-oldrel-windows-x86_64 | 0.0.1 | 24.00 | 264.00 | 288.00 | OK |
Version: 0.0.1
Check: Rd cross-references
Result: NOTE
Found the following Rd file(s) with Rd \link{} targets missing package
anchors:
cure_estimate.Rd: survfit
nonzerocure_test.Rd: survfit
sufficient_fu_test.Rd: survfit
Please provide package anchors for all Rd \link{} targets not in the
package itself and the base packages.
Flavors: r-devel-linux-x86_64-debian-clang, r-devel-linux-x86_64-debian-gcc, r-devel-windows-x86_64
These binaries (installable software) and packages are in development.
They may not be fully stable and should be used with caution. We make no claims about them.