Last updated on 2025-05-08 04:52:07 CEST.
Flavor | Version | Tinstall | Tcheck | Ttotal | Status | Flags |
---|---|---|---|---|---|---|
r-devel-linux-x86_64-debian-clang | 0.0.1 | 17.76 | 234.50 | 252.26 | NOTE | |
r-devel-linux-x86_64-debian-gcc | 0.0.1 | 10.81 | 147.48 | 158.29 | NOTE | |
r-devel-linux-x86_64-fedora-clang | 0.0.1 | 387.26 | OK | |||
r-devel-linux-x86_64-fedora-gcc | 0.0.1 | 391.78 | OK | |||
r-devel-windows-x86_64 | 0.0.1 | 19.00 | 221.00 | 240.00 | NOTE | |
r-patched-linux-x86_64 | 0.0.1 | 16.63 | 221.36 | 237.99 | NOTE | |
r-release-linux-x86_64 | 0.0.1 | 18.91 | 215.05 | 233.96 | NOTE | |
r-release-macos-arm64 | 0.0.1 | 122.00 | OK | |||
r-release-macos-x86_64 | 0.0.1 | 200.00 | OK | |||
r-release-windows-x86_64 | 0.0.1 | 17.00 | 220.00 | 237.00 | NOTE | |
r-oldrel-macos-arm64 | 0.0.1 | 77.00 | OK | |||
r-oldrel-macos-x86_64 | 0.0.1 | 153.00 | OK | |||
r-oldrel-windows-x86_64 | 0.0.1 | 24.00 | 284.00 | 308.00 | OK |
Version: 0.0.1
Check: Rd cross-references
Result: NOTE
Found the following Rd file(s) with Rd \link{} targets missing package
anchors:
cure_estimate.Rd: survfit
nonzerocure_test.Rd: survfit
sufficient_fu_test.Rd: survfit
Please provide package anchors for all Rd \link{} targets not in the
package itself and the base packages.
Flavors: r-devel-linux-x86_64-debian-clang, r-devel-linux-x86_64-debian-gcc, r-devel-windows-x86_64, r-patched-linux-x86_64, r-release-linux-x86_64, r-release-windows-x86_64
These binaries (installable software) and packages are in development.
They may not be fully stable and should be used with caution. We make no claims about them.