Last updated on 2025-07-26 21:49:54 CEST.
Flavor | Version | Tinstall | Tcheck | Ttotal | Status | Flags |
---|---|---|---|---|---|---|
r-devel-linux-x86_64-debian-clang | 1.3.12 | 51.46 | 119.80 | 171.26 | OK | |
r-devel-linux-x86_64-debian-gcc | 1.3.12 | 39.87 | 88.79 | 128.66 | OK | |
r-devel-linux-x86_64-fedora-clang | 1.3.12 | 261.49 | OK | |||
r-devel-linux-x86_64-fedora-gcc | 1.3.12 | 278.37 | OK | |||
r-devel-windows-x86_64 | 1.3.12 | 76.00 | 175.00 | 251.00 | OK | |
r-patched-linux-x86_64 | 1.3.12 | 56.80 | 116.63 | 173.43 | OK | |
r-release-linux-x86_64 | 1.3.12 | 50.88 | 113.02 | 163.90 | OK | |
r-release-macos-arm64 | 1.3.12 | 94.00 | OK | |||
r-release-macos-x86_64 | 1.3.12 | 156.00 | OK | |||
r-release-windows-x86_64 | 1.3.12 | 70.00 | 158.00 | 228.00 | OK | |
r-oldrel-macos-arm64 | 1.3.12 | 100.00 | NOTE | |||
r-oldrel-macos-x86_64 | 1.3.12 | 208.00 | NOTE | |||
r-oldrel-windows-x86_64 | 1.3.12 | 83.00 | 198.00 | 281.00 | NOTE |
Version: 1.3.12
Check: installed package size
Result: NOTE
installed size is 8.1Mb
sub-directories of 1Mb or more:
libs 5.5Mb
Flavors: r-oldrel-macos-arm64, r-oldrel-macos-x86_64, r-oldrel-windows-x86_64
These binaries (installable software) and packages are in development.
They may not be fully stable and should be used with caution. We make no claims about them.