CRAN Package Check Results for Package hdf5r

Last updated on 2025-05-08 04:52:07 CEST.

Flavor Version Tinstall Tcheck Ttotal Status Flags
r-devel-linux-x86_64-debian-clang 1.3.12 58.59 119.51 178.10 OK
r-devel-linux-x86_64-debian-gcc 1.3.12 38.84 89.31 128.15 OK
r-devel-linux-x86_64-fedora-clang 1.3.12 274.71 OK
r-devel-linux-x86_64-fedora-gcc 1.3.12 293.52 OK
r-devel-windows-x86_64 1.3.12 67.00 161.00 228.00 OK
r-patched-linux-x86_64 1.3.12 56.31 117.33 173.64 OK
r-release-linux-x86_64 1.3.12 56.95 117.28 174.23 OK
r-release-macos-arm64 1.3.12 94.00 OK
r-release-macos-x86_64 1.3.12 156.00 OK
r-release-windows-x86_64 1.3.12 69.00 163.00 232.00 OK
r-oldrel-macos-arm64 1.3.12 100.00 NOTE
r-oldrel-macos-x86_64 1.3.12 208.00 NOTE
r-oldrel-windows-x86_64 1.3.12 83.00 196.00 279.00 NOTE

Additional issues

rchk

Check Details

Version: 1.3.12
Check: installed package size
Result: NOTE installed size is 8.1Mb sub-directories of 1Mb or more: libs 5.5Mb Flavors: r-oldrel-macos-arm64, r-oldrel-macos-x86_64, r-oldrel-windows-x86_64

These binaries (installable software) and packages are in development.
They may not be fully stable and should be used with caution. We make no claims about them.