Last updated on 2025-05-01 08:52:35 CEST.
Flavor | Version | Tinstall | Tcheck | Ttotal | Status | Flags |
---|---|---|---|---|---|---|
r-devel-linux-x86_64-debian-clang | 0.3.0 | 79.47 | 85.85 | 165.32 | OK | |
r-devel-linux-x86_64-debian-gcc | 0.3.1 | 60.07 | 55.93 | 116.00 | OK | |
r-devel-linux-x86_64-fedora-clang | 0.3.1 | 282.74 | OK | |||
r-devel-linux-x86_64-fedora-gcc | 0.3.1 | 307.06 | OK | |||
r-devel-windows-x86_64 | 0.3.1 | 82.00 | 117.00 | 199.00 | OK | |
r-patched-linux-x86_64 | 0.3.0 | 80.38 | 76.32 | 156.70 | OK | |
r-release-linux-x86_64 | OK | |||||
r-release-macos-arm64 | 0.3.1 | 65.00 | OK | |||
r-release-macos-x86_64 | 0.3.1 | 103.00 | OK | |||
r-release-windows-x86_64 | 0.3.0 | 89.00 | 120.00 | 209.00 | OK | |
r-oldrel-macos-arm64 | 0.3.1 | 72.00 | NOTE | |||
r-oldrel-macos-x86_64 | 0.3.1 | 109.00 | NOTE | |||
r-oldrel-windows-x86_64 | 0.3.0 | 98.00 | 145.00 | 243.00 | OK |
Version: 0.3.1
Check: installed package size
Result: NOTE
installed size is 7.3Mb
sub-directories of 1Mb or more:
libs 6.4Mb
Flavors: r-oldrel-macos-arm64, r-oldrel-macos-x86_64
These binaries (installable software) and packages are in development.
They may not be fully stable and should be used with caution. We make no claims about them.