Last updated on 2025-10-23 23:49:31 CEST.
| Flavor | Version | Tinstall | Tcheck | Ttotal | Status | Flags |
|---|---|---|---|---|---|---|
| r-devel-linux-x86_64-debian-clang | 0.6-2 | 2.52 | 32.14 | 34.66 | NOTE | |
| r-devel-linux-x86_64-debian-gcc | 0.6-2 | 1.76 | 25.09 | 26.85 | OK | |
| r-devel-linux-x86_64-fedora-clang | 0.6-2 | 51.21 | OK | |||
| r-devel-linux-x86_64-fedora-gcc | 0.6-2 | 61.44 | OK | |||
| r-devel-windows-x86_64 | 0.6-2 | 4.00 | 56.00 | 60.00 | OK | |
| r-patched-linux-x86_64 | 0.6-2 | 2.57 | 31.04 | 33.61 | OK | |
| r-release-linux-x86_64 | 0.6-2 | 2.38 | 31.39 | 33.77 | OK | |
| r-release-macos-arm64 | 0.6-2 | 1.00 | 25.00 | 26.00 | OK | |
| r-release-macos-x86_64 | 0.6-2 | 2.00 | 45.00 | 47.00 | OK | |
| r-release-windows-x86_64 | 0.6-2 | 5.00 | 55.00 | 60.00 | OK | |
| r-oldrel-macos-arm64 | 0.6-2 | 1.00 | 26.00 | 27.00 | OK | |
| r-oldrel-macos-x86_64 | 0.6-2 | 2.00 | 35.00 | 37.00 | OK | |
| r-oldrel-windows-x86_64 | 0.6-2 | 5.00 | 63.00 | 68.00 | OK |
Version: 0.6-2
Check: HTML version of manual
Result: NOTE
Found the following HTML validation problems:
hql_flush.html:49:1 (hql_flush.Rd:13): Warning: missing </ul> before </div>
set_char_data.html:58:1 (set_char_data.Rd:16): Warning: missing </ul> before </div>
set_data.html:58:1 (set_data.Rd:16): Warning: missing </ul> before </div>
Flavor: r-devel-linux-x86_64-debian-clang
These binaries (installable software) and packages are in development.
They may not be fully stable and should be used with caution. We make no claims about them.