CRAN Package Check Results for Package hdi

Last updated on 2025-02-16 08:50:49 CET.

Flavor Version Tinstall Tcheck Ttotal Status Flags
r-devel-linux-x86_64-debian-clang 0.1-9 8.29 154.59 162.88 NOTE
r-devel-linux-x86_64-debian-gcc 0.1-9 6.47 103.81 110.28 NOTE
r-devel-linux-x86_64-fedora-clang 0.1-9 270.82 NOTE
r-devel-linux-x86_64-fedora-gcc 0.1-9 244.81 NOTE
r-devel-macos-arm64 0.1-9 69.00 NOTE
r-devel-macos-x86_64 0.1-9 164.00 NOTE
r-devel-windows-x86_64 0.1-9 11.00 166.00 177.00 NOTE
r-patched-linux-x86_64 0.1-9 12.88 147.43 160.31 NOTE
r-release-linux-x86_64 0.1-9 8.64 151.05 159.69 NOTE
r-release-macos-arm64 0.1-9 68.00 NOTE
r-release-macos-x86_64 0.1-9 109.00 NOTE
r-release-windows-x86_64 0.1-9 10.00 173.00 183.00 NOTE
r-oldrel-macos-arm64 0.1-9 79.00 OK
r-oldrel-macos-x86_64 0.1-9 135.00 OK
r-oldrel-windows-x86_64 0.1-9 12.00 194.00 206.00 OK

Check Details

Version: 0.1-9
Check: Rd files
Result: NOTE checkRd: (-1) lasso.proj.Rd:62: Lost braces; missing escapes or markup? 62 | indicated using an index vector with entries in {1,...,p} or a list thereof.} | ^ Flavors: r-devel-linux-x86_64-debian-clang, r-devel-linux-x86_64-debian-gcc, r-devel-linux-x86_64-fedora-clang, r-devel-linux-x86_64-fedora-gcc, r-devel-macos-arm64, r-devel-macos-x86_64, r-devel-windows-x86_64, r-patched-linux-x86_64, r-release-linux-x86_64, r-release-macos-arm64, r-release-macos-x86_64, r-release-windows-x86_64

Version: 0.1-9
Check: Rd cross-references
Result: NOTE Found the following Rd file(s) with Rd \link{} targets missing package anchors: lasso.cv.Rd: cv.glmnet lasso.firstq.Rd: glmnet Please provide package anchors for all Rd \link{} targets not in the package itself and the base packages. Flavors: r-devel-linux-x86_64-debian-clang, r-devel-linux-x86_64-debian-gcc, r-devel-windows-x86_64

These binaries (installable software) and packages are in development.
They may not be fully stable and should be used with caution. We make no claims about them.