Last updated on 2025-11-11 15:50:36 CET.
| Flavor | Version | Tinstall | Tcheck | Ttotal | Status | Flags |
|---|---|---|---|---|---|---|
| r-devel-linux-x86_64-debian-clang | 0.3.2 | 6.67 | 207.57 | 214.24 | NOTE | |
| r-devel-linux-x86_64-debian-gcc | 0.3.2 | 4.03 | 133.31 | 137.34 | NOTE | |
| r-devel-linux-x86_64-fedora-clang | 0.3.2 | 33.00 | 316.76 | 349.76 | OK | |
| r-devel-linux-x86_64-fedora-gcc | 0.3.2 | 15.00 | 314.88 | 329.88 | OK | |
| r-devel-windows-x86_64 | 0.3.2 | 9.00 | 230.00 | 239.00 | OK | |
| r-patched-linux-x86_64 | 0.3.2 | 7.17 | 198.19 | 205.36 | OK | |
| r-release-linux-x86_64 | 0.3.2 | 5.69 | 194.16 | 199.85 | OK | |
| r-release-macos-arm64 | 0.3.2 | 2.00 | 113.00 | 115.00 | OK | |
| r-release-macos-x86_64 | 0.3.2 | 5.00 | 237.00 | 242.00 | OK | |
| r-release-windows-x86_64 | 0.3.2 | 9.00 | 220.00 | 229.00 | OK | |
| r-oldrel-macos-arm64 | 0.3.2 | 3.00 | 108.00 | 111.00 | OK | |
| r-oldrel-macos-x86_64 | 0.3.2 | 5.00 | 179.00 | 184.00 | OK | |
| r-oldrel-windows-x86_64 | 0.3.2 | 11.00 | 291.00 | 302.00 | OK |
Version: 0.3.2
Check: CRAN incoming feasibility
Result: NOTE
Maintainer: ‘Martin Spindler <martin.spindler@gmx.de>’
The Description field contains
(2016) <arXiv:1603.01700>.
Please refer to arXiv e-prints via their arXiv DOI <doi:10.48550/arXiv.YYMM.NNNNN>.
Flavors: r-devel-linux-x86_64-debian-clang, r-devel-linux-x86_64-debian-gcc
These binaries (installable software) and packages are in development.
They may not be fully stable and should be used with caution. We make no claims about them.