Last updated on 2025-02-16 08:50:49 CET.
Flavor | Version | Tinstall | Tcheck | Ttotal | Status | Flags |
---|---|---|---|---|---|---|
r-devel-linux-x86_64-debian-clang | 1.0.3 | 106.09 | 150.61 | 256.70 | OK | |
r-devel-linux-x86_64-debian-gcc | 1.0.3 | 77.69 | 117.43 | 195.12 | OK | |
r-devel-linux-x86_64-fedora-clang | 1.0.3 | 479.86 | NOTE | |||
r-devel-linux-x86_64-fedora-gcc | 1.0.3 | 509.88 | NOTE | |||
r-devel-macos-arm64 | 1.0.3 | 116.00 | OK | |||
r-devel-macos-x86_64 | 1.0.3 | 175.00 | OK | |||
r-devel-windows-x86_64 | 1.0.3 | 108.00 | 198.00 | 306.00 | OK | |
r-patched-linux-x86_64 | 1.0.3 | 102.16 | 153.44 | 255.60 | OK | |
r-release-linux-x86_64 | 1.0.3 | 104.65 | 154.66 | 259.31 | OK | |
r-release-macos-arm64 | 1.0.3 | 116.00 | NOTE | |||
r-release-macos-x86_64 | 1.0.3 | 137.00 | NOTE | |||
r-release-windows-x86_64 | 1.0.3 | 111.00 | 198.00 | 309.00 | OK | |
r-oldrel-macos-arm64 | 1.0.3 | 89.00 | NOTE | |||
r-oldrel-macos-x86_64 | 1.0.3 | 128.00 | NOTE | |||
r-oldrel-windows-x86_64 | 1.0.3 | 136.00 | 223.00 | 359.00 | OK |
Version: 1.0.3
Check: dependencies in R code
Result: NOTE
Namespaces in Imports field not imported from:
‘MCMCpack’ ‘ggjoy’ ‘isotone’ ‘png’ ‘questionr’ ‘rprojroot’
‘tidyverse’
All declared Imports should be used.
Flavors: r-devel-linux-x86_64-fedora-clang, r-devel-linux-x86_64-fedora-gcc
Version: 1.0.3
Check: installed package size
Result: NOTE
installed size is 7.5Mb
sub-directories of 1Mb or more:
libs 6.7Mb
Flavors: r-release-macos-arm64, r-release-macos-x86_64, r-oldrel-macos-arm64, r-oldrel-macos-x86_64
These binaries (installable software) and packages are in development.
They may not be fully stable and should be used with caution. We make no claims about them.