Last updated on 2025-05-02 06:49:35 CEST.
Flavor | Version | Tinstall | Tcheck | Ttotal | Status | Flags |
---|---|---|---|---|---|---|
r-devel-linux-x86_64-debian-clang | 1.1.5 | 2.26 | 23.19 | 25.45 | NOTE | |
r-devel-linux-x86_64-debian-gcc | 1.1.5 | 1.70 | 17.44 | 19.14 | NOTE | |
r-devel-linux-x86_64-fedora-clang | 1.1.5 | 37.99 | OK | |||
r-devel-linux-x86_64-fedora-gcc | 1.1.5 | 37.01 | OK | |||
r-devel-windows-x86_64 | 1.1.5 | 3.00 | 77.00 | 80.00 | OK | |
r-patched-linux-x86_64 | 1.1.5 | 2.03 | 22.37 | 24.40 | OK | |
r-release-linux-x86_64 | OK | |||||
r-release-macos-arm64 | 1.1.5 | 18.00 | OK | |||
r-release-macos-x86_64 | 1.1.5 | 32.00 | OK | |||
r-release-windows-x86_64 | 1.1.5 | 3.00 | 56.00 | 59.00 | OK | |
r-oldrel-macos-arm64 | 1.1.5 | 18.00 | OK | |||
r-oldrel-macos-x86_64 | 1.1.5 | 23.00 | OK | |||
r-oldrel-windows-x86_64 | 1.1.5 | 4.00 | 50.00 | 54.00 | OK |
Version: 1.1.5
Check: CRAN incoming feasibility
Result: NOTE
Maintainer: ‘Rounak Dey <deyrnk@umich.edu>’
No Authors@R field in DESCRIPTION.
Please add one, modifying
Authors@R: c(person(given = "Rounak",
family = "Dey",
role = c("aut", "cre"),
email = "deyrnk@umich.edu"),
person(given = "Seunggeun",
family = "Lee",
role = "aut"))
as necessary.
Flavors: r-devel-linux-x86_64-debian-clang, r-devel-linux-x86_64-debian-gcc
These binaries (installable software) and packages are in development.
They may not be fully stable and should be used with caution. We make no claims about them.